{"id":247,"date":"2017-08-18T14:08:06","date_gmt":"2017-08-18T14:08:06","guid":{"rendered":"http:\/\/www.gt3themes.com\/wordpress-themes\/pure\/?page_id=247"},"modified":"2021-11-18T16:56:25","modified_gmt":"2021-11-18T15:56:25","slug":"about-our-studio","status":"publish","type":"page","link":"https:\/\/uni.uhk.cz\/lms\/?page_id=247","title":{"rendered":"C\u00edle a aktivity"},"content":{"rendered":"<h3><img loading=\"lazy\" class=\"alignleft wp-image-355\" src=\"https:\/\/uni.uhk.cz\/lms\/wp-content\/uploads\/2021\/11\/lms-4-1-1024x683.jpg\" alt=\"\" width=\"800\" height=\"533\" srcset=\"https:\/\/uni.uhk.cz\/lms\/wp-content\/uploads\/2021\/11\/lms-4-1-1024x683.jpg 1024w, https:\/\/uni.uhk.cz\/lms\/wp-content\/uploads\/2021\/11\/lms-4-1-300x200.jpg 300w, https:\/\/uni.uhk.cz\/lms\/wp-content\/uploads\/2021\/11\/lms-4-1-768x512.jpg 768w, https:\/\/uni.uhk.cz\/lms\/wp-content\/uploads\/2021\/11\/lms-4-1-1536x1024.jpg 1536w, https:\/\/uni.uhk.cz\/lms\/wp-content\/uploads\/2021\/11\/lms-4-1.jpg 1920w\" sizes=\"(max-width: 800px) 100vw, 800px\" \/>C\u00cdLE A AKTIVITY<\/h3>\n<p><span style=\"font-weight: 400;\">Centrum pro studium jazyka, mysli a spole\u010dnosti (LMS centrum) funguje v sou\u010dasn\u00e9 dob\u011b jako v\u00fdzkumn\u00e9 centrum p\u0159i Kated\u0159e filozofie a spole\u010densk\u00fdch v\u011bd za \u0161t\u011bdr\u00e9 podpory Filozofick\u00e9 fakulty Univerzity Hradec Kr\u00e1lov\u00e9. Hlavn\u00ed n\u00e1pln\u00ed \u010dinnosti centra je po\u0159\u00e1d\u00e1n\u00ed p\u0159edn\u00e1\u0161ek, konferenc\u00ed a semin\u00e1\u0159\u016f, na kter\u00fdch vystupuj\u00ed jak v\u00fdznamn\u00ed odborn\u00edci z oblasti filozofie a (empirick\u00fdch) v\u011bd, tak i \u010dlenov\u00e9 katedry; a publikov\u00e1n\u00ed materi\u00e1l\u016f s nimi spojen\u00fdch. Sekund\u00e1rn\u00ed n\u00e1pln\u00ed \u010dinnosti centra je pomoc student\u016fm doktorsk\u00e9ho studia p\u0159i jejich vstupu do akademick\u00e9ho \u017eivota a to jak jejich zapojov\u00e1n\u00edm do organizace akc\u00ed, tak vy\u010dlen\u011bn\u00edm prostoru pro prezentaci jejich v\u00fdzkumu v r\u00e1mci po\u0159\u00e1dan\u00fdch akc\u00ed.&nbsp;<\/span><\/p>\n<p><span style=\"font-weight: 400;\">Organizac\u00ed p\u0159edn\u00e1\u0161ek se LMS centrum sna\u017e\u00ed zvy\u0161ovat \u00farove\u0148 humanitn\u00edho vzd\u011bl\u00e1n\u00ed v Hradci Kr\u00e1lov\u00e9 a poskytnout student\u016fm filozofie i dal\u0161\u00edch obor\u016f mo\u017enost setkat se s p\u0159edn\u00edmi odborn\u00edky ve sv\u00fdch oborech, \u00fa\u010dastnit se diskus\u00ed o nov\u00fdch poznatc\u00edch a pronikat do z\u00e1klad\u016f v\u011bdeck\u00e9 pr\u00e1ce. Krom\u011b tradi\u010dn\u00edch st\u0159ede\u010dn\u00edch semin\u00e1\u0159\u016f se LMS centrum pod\u00edl\u00ed na organizaci bien\u00e1ln\u00ed konference Hradeck\u00e9 Filozofick\u00e9 Dny a \u00fazce spolupracuje s redak\u010dn\u00ed radou \u010dasopisu Filosofie Dnes. Svou \u010dinnost se sna\u017e\u00ed p\u0159ibl\u00ed\u017eit tak\u00e9 \u0161ir\u0161\u00ed ve\u0159ejnosti prost\u0159ednictv\u00edm soci\u00e1ln\u00edch s\u00edt\u00ed a zve\u0159ej\u0148ov\u00e1n\u00edm z\u00e1znam\u016f p\u0159edn\u00e1\u0161ek na sv\u00e9m YouTube kan\u00e1lu.<\/span><\/p>\n<p><span style=\"font-weight: 400;\">C\u00edlem LMS centra je propagovat interdisciplin\u00e1rn\u00ed v\u00fdzkum, propojuj\u00edc\u00ed filosofii se v\u011bdn\u00edmi obory jejich\u017e v\u00fdsledky jsou relevantn\u00ed pro pozn\u00e1n\u00ed povahy a z\u00e1konitost\u00ed lidsk\u00e9 mysli, lidsk\u00e9ho jazyka a lidsk\u00e9 spole\u010dnosti. V duchu p\u016fvodn\u00edho posl\u00e1n\u00ed univerzity usiluje LMS centrum o p\u0159ekon\u00e1n\u00ed v\u00fdrazn\u00e9 atomizace lidsk\u00e9ho v\u011bd\u011bn\u00ed a z toho plynouc\u00ed atomizace obor\u016f univerzitn\u00edho vzd\u011bl\u00e1n\u00ed tak, \u017ee se c\u00edlev\u011bdom\u011b soust\u0159ed\u00ed na hled\u00e1n\u00ed spojnic mezi filosofi\u00ed a ostatn\u00edmi humanitn\u00edmi v\u011bdami na jedn\u00e9 stran\u011b, a p\u0159\u00edrodn\u00edmi a technick\u00fdmi v\u011bdami na stran\u011b druh\u00e9. Na\u0161im c\u00edlem je nap\u0159\u00edklad zkoumat, do jak\u00e9 m\u00edry jsou filozofick\u00e9 a spole\u010denskov\u011bdn\u00ed n\u00e1zory na fungov\u00e1n\u00ed lidsk\u00e9 spole\u010dnosti propojiteln\u00e9 s poznatky speci\u00e1ln\u00edch v\u011bd, jako je evolu\u010dn\u00ed biologie, kognitivn\u00ed psychologie \u010di kybernetika.<\/span><\/p>\n<p><span style=\"font-weight: 400;\">\u010cinnost centra by tak\u00e9 m\u011bla p\u0159isp\u011bt k odstra\u0148ov\u00e1n\u00ed p\u0159edsudk\u016f, \u017ee filozofie je pouze spekulativn\u00ed, do sebe uzav\u0159en\u00e1 a od reality odtr\u017een\u00e1 v\u011bc, a stimulovat interakci mezi filozofi\u00ed, spole\u010densk\u00fdmi v\u011bdami a v\u011bdami p\u0159\u00edrodn\u00edmi. M\u011bla by na jedn\u00e9 stran\u011b zv\u00fd\u0161it z\u00e1jem filozof\u016f a student\u016f filozofie o v\u00fdsledky speci\u00e1ln\u00edch v\u011bd t\u00fdkaj\u00edc\u00ed se filozofick\u00fdch t\u00e9mat (jako je mysl, jazyk a spole\u010dnost) a na druh\u00e9 stran\u011b by m\u011bla z\u00e1jemc\u016fm, kter\u00fdm je bli\u017e\u0161\u00ed v\u011bda, p\u0159edv\u00e1d\u011bt filozofii jako discipl\u00ednu, kter\u00e1 se od speci\u00e1ln\u00edch v\u011bd li\u0161\u00ed sp\u00ed\u0161e snahou o zp\u0159ehled\u0148uj\u00edc\u00ed nadhled ne\u017e n\u011bjakou bytostnou esoteri\u010dnost\u00ed.<\/span><\/p>\n","protected":false},"excerpt":{"rendered":"<p>C\u00cdLE A AKTIVITY Centrum pro studium jazyka, mysli a spole\u010dnosti (LMS centrum) funguje v sou\u010dasn\u00e9 dob\u011b jako v\u00fdzkumn\u00e9 centrum p\u0159i Kated\u0159e filozofie a spole\u010densk\u00fdch v\u011bd za \u0161t\u011bdr\u00e9 podpory Filozofick\u00e9 fakulty Univerzity Hradec Kr\u00e1lov\u00e9. Hlavn\u00ed n\u00e1pln\u00ed \u010dinnosti centra je po\u0159\u00e1d\u00e1n\u00ed p\u0159edn\u00e1\u0161ek, konferenc\u00ed a semin\u00e1\u0159\u016f, na kter\u00fdch vystupuj\u00ed jak v\u00fdznamn\u00ed odborn\u00edci z oblasti filozofie a (empirick\u00fdch) v\u011bd, tak i \u010dlenov\u00e9 katedry; a publikov\u00e1n\u00ed materi\u00e1l\u016f s nimi spojen\u00fdch. Sekund\u00e1rn\u00ed n\u00e1pln\u00ed \u010dinnosti centra je pomoc student\u016fm doktorsk\u00e9ho studia p\u0159i jejich vstupu do akademick\u00e9ho \u017eivota a to jak jejich zapojov\u00e1n\u00edm do organizace akc\u00ed, tak vy\u010dlen\u011bn\u00edm prostoru pro prezentaci jejich v\u00fdzkumu v r\u00e1mci po\u0159\u00e1dan\u00fdch akc\u00ed.&nbsp; Organizac\u00ed p\u0159edn\u00e1\u0161ek se LMS centrum sna\u017e\u00ed zvy\u0161ovat \u00farove\u0148 humanitn\u00edho vzd\u011bl\u00e1n\u00ed v Hradci Kr\u00e1lov\u00e9 a poskytnout student\u016fm filozofie i dal\u0161\u00edch obor\u016f mo\u017enost setkat se s p\u0159edn\u00edmi odborn\u00edky ve sv\u00fdch oborech, \u00fa\u010dastnit se diskus\u00ed o nov\u00fdch poznatc\u00edch a pronikat do z\u00e1klad\u016f v\u011bdeck\u00e9 pr\u00e1ce. Krom\u011b tradi\u010dn\u00edch st\u0159ede\u010dn\u00edch semin\u00e1\u0159\u016f se LMS centrum pod\u00edl\u00ed na organizaci bien\u00e1ln\u00ed konference Hradeck\u00e9 Filozofick\u00e9 Dny a \u00fazce spolupracuje s redak\u010dn\u00ed radou \u010dasopisu Filosofie Dnes. Svou \u010dinnost se sna\u017e\u00ed p\u0159ibl\u00ed\u017eit tak\u00e9 \u0161ir\u0161\u00ed ve\u0159ejnosti prost\u0159ednictv\u00edm soci\u00e1ln\u00edch s\u00edt\u00ed a zve\u0159ej\u0148ov\u00e1n\u00edm z\u00e1znam\u016f p\u0159edn\u00e1\u0161ek na sv\u00e9m YouTube kan\u00e1lu. C\u00edlem LMS centra je propagovat interdisciplin\u00e1rn\u00ed v\u00fdzkum, propojuj\u00edc\u00ed filosofii se v\u011bdn\u00edmi obory jejich\u017e v\u00fdsledky jsou relevantn\u00ed pro [&hellip;]<\/p>\n","protected":false},"author":1,"featured_media":0,"parent":0,"menu_order":0,"comment_status":"open","ping_status":"closed","template":"","meta":[],"_links":{"self":[{"href":"https:\/\/uni.uhk.cz\/lms\/index.php?rest_route=\/wp\/v2\/pages\/247"}],"collection":[{"href":"https:\/\/uni.uhk.cz\/lms\/index.php?rest_route=\/wp\/v2\/pages"}],"about":[{"href":"https:\/\/uni.uhk.cz\/lms\/index.php?rest_route=\/wp\/v2\/types\/page"}],"author":[{"embeddable":true,"href":"https:\/\/uni.uhk.cz\/lms\/index.php?rest_route=\/wp\/v2\/users\/1"}],"replies":[{"embeddable":true,"href":"https:\/\/uni.uhk.cz\/lms\/index.php?rest_route=%2Fwp%2Fv2%2Fcomments&post=247"}],"version-history":[{"count":8,"href":"https:\/\/uni.uhk.cz\/lms\/index.php?rest_route=\/wp\/v2\/pages\/247\/revisions"}],"predecessor-version":[{"id":410,"href":"https:\/\/uni.uhk.cz\/lms\/index.php?rest_route=\/wp\/v2\/pages\/247\/revisions\/410"}],"wp:attachment":[{"href":"https:\/\/uni.uhk.cz\/lms\/index.php?rest_route=%2Fwp%2Fv2%2Fmedia&parent=247"}],"curies":[{"name":"wp","href":"https:\/\/api.w.org\/{rel}","templated":true}]}}