{"id":30839,"date":"2025-02-19T12:41:19","date_gmt":"2025-02-19T10:41:19","guid":{"rendered":"https:\/\/uni.uhk.cz\/archeologie\/?page_id=30839"},"modified":"2025-09-17T12:20:18","modified_gmt":"2025-09-17T10:20:18","slug":"archeologie-konfliktu-2025","status":"publish","type":"page","link":"https:\/\/uni.uhk.cz\/archeologie\/?page_id=30839","title":{"rendered":"Archeologie konflikt\u016f 2025"},"content":{"rendered":"<img loading=\"lazy\" decoding=\"async\" class=\"alignnone size-full wp-image-30841\" src=\"https:\/\/uni.uhk.cz\/archeologie\/wp-content\/uploads\/2025\/02\/AK2025.jpg\" alt=\"\" width=\"534\" height=\"265\" srcset=\"https:\/\/uni.uhk.cz\/archeologie\/wp-content\/uploads\/2025\/02\/AK2025.jpg 534w, https:\/\/uni.uhk.cz\/archeologie\/wp-content\/uploads\/2025\/02\/AK2025-300x149.jpg 300w, https:\/\/uni.uhk.cz\/archeologie\/wp-content\/uploads\/2025\/02\/AK2025-81x40.jpg 81w\" sizes=\"auto, (max-width: 534px) 100vw, 534px\" \/>\r\n\r\nV\u00e1\u017een\u00e9 kolegyn\u011b, v\u00e1\u017een\u00ed kolegov\u00e9,\r\n\r\ndovolujeme si v\u00e1s pozvat na 4. ro\u010dn\u00edk konference Archeologie konflikt\u016f. P\u0159edm\u011btem na\u0161eho z\u00e1jmu nejsou pouze boji\u0161t\u011b a m\u00edsta st\u0159et\u016f, ale i problematika fortifika\u010dn\u00ed architektury, hmotn\u00e9 kultury spojen\u00e9 s\u00a0konflikty, dopad konflikt\u016f na krajinu, v\u00fdzkumy v\u00fdrobn\u00edch objekt\u016f spojen\u00fdch s\u00a0vojenstv\u00edm, v\u00fdzkumy vojensk\u00fdch t\u00e1bor\u016f, hrob\u016f spojen\u00fdch s\u00a0konflikty apod. Chronologick\u00e9 vymezen\u00ed je \u0161irok\u00e9, od prav\u011bku do konce 2. sv\u011btov\u00e9 v\u00e1lky. A\u010dkoli je konference zam\u011b\u0159ena prim\u00e1rn\u011b na archeologick\u00e9 b\u00e1d\u00e1n\u00ed, v\u00edtan\u00e9 jsou tak\u00e9 p\u0159\u00edsp\u011bvky z\u00a0jin\u00fdch obor\u016f.\r\n\r\n<strong>Datum kon\u00e1n\u00ed konference: <\/strong>23.-25. z\u00e1\u0159\u00ed 2025\r\n\r\n<a href=\"https:\/\/uni.uhk.cz\/archeologie\/wp-content\/uploads\/2025\/09\/AOC__2025_PROGRAM.pdf\" target=\"_blank\" rel=\"noopener\"><strong>Program konference<\/strong><\/a>\r\n\r\n<a href=\"https:\/\/uni.uhk.cz\/archeologie\/wp-content\/uploads\/2025\/09\/AOC_abstract_book_2025_FINAL.pdf\" target=\"_blank\" rel=\"noopener\"><strong>Kniha abstrakt\u016f<\/strong><\/a>\r\n\r\n<strong>M\u00edsto kon\u00e1n\u00ed konference: <\/strong>Muzeum v\u00fdchodn\u00edch \u010cech, Eli\u0161\u010dino n\u00e1b\u0159e\u017e\u00ed 465\/7, 500 03 Hradec Kr\u00e1lov\u00e9 (50.2116117N, 15.8287739E)\r\n\r\n<strong>Uz\u00e1v\u011brka p\u0159ihl\u00e1\u0161ek<\/strong>: 31. kv\u011btna 2025\r\n\r\n<strong>Organiz\u00e1tor<\/strong>:\r\n\r\nUniverzita Hradec Kr\u00e1lov\u00e9, Katedra archeologie (uni.uhk.cz\/archeologie),\u00a0Muzeum v\u00fdchodn\u00edch \u010cech v Hradci Kr\u00e1lov\u00e9 (muzeumhk.cz)\r\n\r\n<strong>Kontaktn\u00ed adresa:<\/strong> archeologie.konfliktu@uhk.cz\r\n\r\n<strong>Konferen\u010dn\u00ed poplatek:<\/strong> 1000 CZK \/ 40 EUR (informace k platb\u011b za\u0161leme mailem p\u0159i potvrzen\u00ed Va\u0161eho p\u0159ihl\u00e1\u0161en\u00ed). Studenti zdarma. Pokud budete po\u017eadovat doklad platb\u011b registra\u010dn\u00edho poplatku, bude v\u00e1m na z\u00e1klad\u011b faktura\u010dn\u00edch \u00fadaj\u016f vypln\u011bn\u00fdch v registra\u010dn\u00edm formul\u00e1\u0159i vystavena z\u00e1lohov\u00e1 faktura.\u00a0Pokud doklad o platb\u011b nepot\u0159ebujete, platbu prove\u010fte na \u00fa\u010det\u00a0<b>\u010d.<\/b><b>\u202f<\/b><b>27 33<\/b><b>\u202f<\/b><b>582\/0800, VS 0376000225<\/b>.\r\n\r\n<strong>Forma p\u0159\u00edsp\u011bvk\u016f:<\/strong> \u00fastn\u00ed prezentace (max. 20 minut) nebo poster.\r\n\r\nJako jednac\u00ed jazyk preferujeme angli\u010dtinu, ale je mo\u017en\u00e9 prezentovat \u010desky, slovensky, polsky a n\u011bmecky. Texty v\u00a0prezentac\u00edch a posterech pros\u00edme pouze anglicky.\r\n\r\n<strong>P\u0159ihl\u00e1\u0161ky online zde: <\/strong><a href=\"https:\/\/1url.cz\/G19mC?fbclid=IwZXh0bgNhZW0CMTAAAR0wbyJYq59XkD3Xg88CCbfLNQUaOWwO30zvo16YzyFDE_vGjCUlZkOyenY_aem_pDt64PJUyogTCJ5f_E6dtw\">https:\/\/1url.cz\/G19mC<\/a>\r\n\r\n<img loading=\"lazy\" decoding=\"async\" class=\"alignnone wp-image-30840\" src=\"https:\/\/uni.uhk.cz\/archeologie\/wp-content\/uploads\/2025\/02\/venue-places.jpg\" alt=\"\" width=\"766\" height=\"500\" srcset=\"https:\/\/uni.uhk.cz\/archeologie\/wp-content\/uploads\/2025\/02\/venue-places.jpg 1384w, https:\/\/uni.uhk.cz\/archeologie\/wp-content\/uploads\/2025\/02\/venue-places-300x196.jpg 300w, https:\/\/uni.uhk.cz\/archeologie\/wp-content\/uploads\/2025\/02\/venue-places-1024x668.jpg 1024w, https:\/\/uni.uhk.cz\/archeologie\/wp-content\/uploads\/2025\/02\/venue-places-768x501.jpg 768w, https:\/\/uni.uhk.cz\/archeologie\/wp-content\/uploads\/2025\/02\/venue-places-81x53.jpg 81w, https:\/\/uni.uhk.cz\/archeologie\/wp-content\/uploads\/2025\/02\/venue-places-600x391.jpg 600w\" sizes=\"auto, (max-width: 766px) 100vw, 766px\" \/>\r\n\r\n<strong>M\u00edsto kon\u00e1n\u00ed konference: Muzeum v\u00fdchodn\u00edch \u010cech, Eli\u0161\u010dino n\u00e1b\u0159e\u017e\u00ed 465\/7, 500 03 Hradec Kr\u00e1lov\u00e9<\/strong>\r\n\r\n<strong>(50.2116117N, 15.8287739E). <\/strong>\r\n\r\n<strong>Voln\u00e9 parkov\u00e1n\u00ed je dostupn\u00e9 v\u00a0are\u00e1lu UHK u budovy A (50.2025883N, 15.8311269E).<\/strong>\r\n\r\n<strong>Mo\u017enosti ubytov\u00e1n\u00ed v Hradci Kr\u00e1lov\u00e9 najdete na t\u011bchto adres\u00e1ch:<\/strong>\r\n\r\n<a href=\"https:\/\/www.hotel.cz\/hradec-kralove\/\">https:\/\/www.hotel.cz\/hradec-kralove\/<\/a>\r\n\r\n<a href=\"https:\/\/www.booking.com\">https:\/\/www.booking.com<\/a>\r\n\r\n&nbsp;\r\n\r\n<img loading=\"lazy\" decoding=\"async\" class=\"wp-image-30842 alignleft\" src=\"https:\/\/uni.uhk.cz\/archeologie\/wp-content\/uploads\/2025\/02\/FF-UHK.jpg\" alt=\"\" width=\"211\" height=\"106\" srcset=\"https:\/\/uni.uhk.cz\/archeologie\/wp-content\/uploads\/2025\/02\/FF-UHK.jpg 905w, https:\/\/uni.uhk.cz\/archeologie\/wp-content\/uploads\/2025\/02\/FF-UHK-300x150.jpg 300w, https:\/\/uni.uhk.cz\/archeologie\/wp-content\/uploads\/2025\/02\/FF-UHK-768x385.jpg 768w, https:\/\/uni.uhk.cz\/archeologie\/wp-content\/uploads\/2025\/02\/FF-UHK-81x41.jpg 81w, https:\/\/uni.uhk.cz\/archeologie\/wp-content\/uploads\/2025\/02\/FF-UHK-600x301.jpg 600w\" sizes=\"auto, (max-width: 211px) 100vw, 211px\" \/><img loading=\"lazy\" decoding=\"async\" class=\"wp-image-30843 alignleft\" src=\"https:\/\/uni.uhk.cz\/archeologie\/wp-content\/uploads\/2025\/02\/MVC.jpg\" alt=\"\" width=\"226\" height=\"100\" srcset=\"https:\/\/uni.uhk.cz\/archeologie\/wp-content\/uploads\/2025\/02\/MVC.jpg 643w, https:\/\/uni.uhk.cz\/archeologie\/wp-content\/uploads\/2025\/02\/MVC-300x133.jpg 300w, https:\/\/uni.uhk.cz\/archeologie\/wp-content\/uploads\/2025\/02\/MVC-81x36.jpg 81w, https:\/\/uni.uhk.cz\/archeologie\/wp-content\/uploads\/2025\/02\/MVC-600x266.jpg 600w\" sizes=\"auto, (max-width: 226px) 100vw, 226px\" \/>","protected":false},"excerpt":{"rendered":"<p>V\u00e1\u017een\u00e9 kolegyn\u011b, v\u00e1\u017een\u00ed kolegov\u00e9, dovolujeme si v\u00e1s pozvat na 4. ro\u010dn\u00edk konference Archeologie konflikt\u016f. P\u0159edm\u011btem na\u0161eho z\u00e1jmu nejsou pouze boji\u0161t\u011b a m\u00edsta st\u0159et\u016f, ale i problematika fortifika\u010dn\u00ed architektury, hmotn\u00e9 kultury spojen\u00e9 s\u00a0konflikty, dopad konflikt\u016f na krajinu, v\u00fdzkumy v\u00fdrobn\u00edch objekt\u016f spojen\u00fdch s\u00a0vojenstv\u00edm, v\u00fdzkumy vojensk\u00fdch t\u00e1bor\u016f, hrob\u016f spojen\u00fdch s\u00a0konflikty apod. Chronologick\u00e9 vymezen\u00ed je \u0161irok\u00e9, od prav\u011bku do [&hellip;]<\/p>\n","protected":false},"author":3,"featured_media":30841,"parent":0,"menu_order":0,"comment_status":"closed","ping_status":"closed","template":"","meta":{"_exactmetrics_skip_tracking":false,"_exactmetrics_sitenote_active":false,"_exactmetrics_sitenote_note":"","_exactmetrics_sitenote_category":0,"footnotes":""},"class_list":["post-30839","page","type-page","status-publish","has-post-thumbnail","hentry"],"yoast_head":"<!-- This site is optimized with the Yoast SEO plugin v27.2 - https:\/\/yoast.com\/product\/yoast-seo-wordpress\/ -->\n<title>Archeologie konflikt\u016f 2025 - Katedra archeologie<\/title>\n<meta name=\"robots\" content=\"index, follow, max-snippet:-1, max-image-preview:large, max-video-preview:-1\" \/>\n<link rel=\"canonical\" href=\"https:\/\/uni.uhk.cz\/archeologie\/?page_id=30839\" \/>\n<meta property=\"og:locale\" content=\"cs_CZ\" \/>\n<meta property=\"og:type\" content=\"article\" \/>\n<meta property=\"og:title\" content=\"Archeologie konflikt\u016f 2025 - Katedra archeologie\" \/>\n<meta property=\"og:description\" content=\"V\u00e1\u017een\u00e9 kolegyn\u011b, v\u00e1\u017een\u00ed kolegov\u00e9, dovolujeme si v\u00e1s pozvat na 4. ro\u010dn\u00edk konference Archeologie konflikt\u016f. P\u0159edm\u011btem na\u0161eho z\u00e1jmu nejsou pouze boji\u0161t\u011b a m\u00edsta st\u0159et\u016f, ale i problematika fortifika\u010dn\u00ed architektury, hmotn\u00e9 kultury spojen\u00e9 s\u00a0konflikty, dopad konflikt\u016f na krajinu, v\u00fdzkumy v\u00fdrobn\u00edch objekt\u016f spojen\u00fdch s\u00a0vojenstv\u00edm, v\u00fdzkumy vojensk\u00fdch t\u00e1bor\u016f, hrob\u016f spojen\u00fdch s\u00a0konflikty apod. Chronologick\u00e9 vymezen\u00ed je \u0161irok\u00e9, od prav\u011bku do [&hellip;]\" \/>\n<meta property=\"og:url\" content=\"https:\/\/uni.uhk.cz\/archeologie\/?page_id=30839\" \/>\n<meta property=\"og:site_name\" content=\"Katedra archeologie\" \/>\n<meta property=\"article:modified_time\" content=\"2025-09-17T10:20:18+00:00\" \/>\n<meta property=\"og:image\" content=\"https:\/\/uni.uhk.cz\/archeologie\/wp-content\/uploads\/2025\/02\/AK2025.jpg\" \/>\n\t<meta property=\"og:image:width\" content=\"534\" \/>\n\t<meta property=\"og:image:height\" content=\"265\" \/>\n\t<meta property=\"og:image:type\" content=\"image\/jpeg\" \/>\n<meta name=\"twitter:card\" content=\"summary_large_image\" \/>\n<meta name=\"twitter:label1\" content=\"Odhadovan\u00e1 doba \u010dten\u00ed\" \/>\n\t<meta name=\"twitter:data1\" content=\"3 minuty\" \/>\n<script type=\"application\/ld+json\" class=\"yoast-schema-graph\">{\"@context\":\"https:\/\/schema.org\",\"@graph\":[{\"@type\":\"WebPage\",\"@id\":\"https:\/\/uni.uhk.cz\/archeologie\/?page_id=30839\",\"url\":\"https:\/\/uni.uhk.cz\/archeologie\/?page_id=30839\",\"name\":\"Archeologie konflikt\u016f 2025 - Katedra archeologie\",\"isPartOf\":{\"@id\":\"https:\/\/uni.uhk.cz\/archeologie\/#website\"},\"primaryImageOfPage\":{\"@id\":\"https:\/\/uni.uhk.cz\/archeologie\/?page_id=30839#primaryimage\"},\"image\":{\"@id\":\"https:\/\/uni.uhk.cz\/archeologie\/?page_id=30839#primaryimage\"},\"thumbnailUrl\":\"https:\/\/uni.uhk.cz\/archeologie\/wp-content\/uploads\/2025\/02\/AK2025.jpg\",\"datePublished\":\"2025-02-19T10:41:19+00:00\",\"dateModified\":\"2025-09-17T10:20:18+00:00\",\"breadcrumb\":{\"@id\":\"https:\/\/uni.uhk.cz\/archeologie\/?page_id=30839#breadcrumb\"},\"inLanguage\":\"cs\",\"potentialAction\":[{\"@type\":\"ReadAction\",\"target\":[\"https:\/\/uni.uhk.cz\/archeologie\/?page_id=30839\"]}]},{\"@type\":\"ImageObject\",\"inLanguage\":\"cs\",\"@id\":\"https:\/\/uni.uhk.cz\/archeologie\/?page_id=30839#primaryimage\",\"url\":\"https:\/\/uni.uhk.cz\/archeologie\/wp-content\/uploads\/2025\/02\/AK2025.jpg\",\"contentUrl\":\"https:\/\/uni.uhk.cz\/archeologie\/wp-content\/uploads\/2025\/02\/AK2025.jpg\",\"width\":534,\"height\":265},{\"@type\":\"BreadcrumbList\",\"@id\":\"https:\/\/uni.uhk.cz\/archeologie\/?page_id=30839#breadcrumb\",\"itemListElement\":[{\"@type\":\"ListItem\",\"position\":1,\"name\":\"Dom\u016f\",\"item\":\"https:\/\/uni.uhk.cz\/archeologie\/\"},{\"@type\":\"ListItem\",\"position\":2,\"name\":\"Archeologie konflikt\u016f 2025\"}]},{\"@type\":\"WebSite\",\"@id\":\"https:\/\/uni.uhk.cz\/archeologie\/#website\",\"url\":\"https:\/\/uni.uhk.cz\/archeologie\/\",\"name\":\"Katedra archeologie FF UHK\",\"description\":\"\",\"potentialAction\":[{\"@type\":\"SearchAction\",\"target\":{\"@type\":\"EntryPoint\",\"urlTemplate\":\"https:\/\/uni.uhk.cz\/archeologie\/?s={search_term_string}\"},\"query-input\":{\"@type\":\"PropertyValueSpecification\",\"valueRequired\":true,\"valueName\":\"search_term_string\"}}],\"inLanguage\":\"cs\"}]}<\/script>\n<!-- \/ Yoast SEO plugin. -->","yoast_head_json":{"title":"Archeologie konflikt\u016f 2025 - Katedra archeologie","robots":{"index":"index","follow":"follow","max-snippet":"max-snippet:-1","max-image-preview":"max-image-preview:large","max-video-preview":"max-video-preview:-1"},"canonical":"https:\/\/uni.uhk.cz\/archeologie\/?page_id=30839","og_locale":"cs_CZ","og_type":"article","og_title":"Archeologie konflikt\u016f 2025 - Katedra archeologie","og_description":"V\u00e1\u017een\u00e9 kolegyn\u011b, v\u00e1\u017een\u00ed kolegov\u00e9, dovolujeme si v\u00e1s pozvat na 4. ro\u010dn\u00edk konference Archeologie konflikt\u016f. P\u0159edm\u011btem na\u0161eho z\u00e1jmu nejsou pouze boji\u0161t\u011b a m\u00edsta st\u0159et\u016f, ale i problematika fortifika\u010dn\u00ed architektury, hmotn\u00e9 kultury spojen\u00e9 s\u00a0konflikty, dopad konflikt\u016f na krajinu, v\u00fdzkumy v\u00fdrobn\u00edch objekt\u016f spojen\u00fdch s\u00a0vojenstv\u00edm, v\u00fdzkumy vojensk\u00fdch t\u00e1bor\u016f, hrob\u016f spojen\u00fdch s\u00a0konflikty apod. Chronologick\u00e9 vymezen\u00ed je \u0161irok\u00e9, od prav\u011bku do [&hellip;]","og_url":"https:\/\/uni.uhk.cz\/archeologie\/?page_id=30839","og_site_name":"Katedra archeologie","article_modified_time":"2025-09-17T10:20:18+00:00","og_image":[{"width":534,"height":265,"url":"https:\/\/uni.uhk.cz\/archeologie\/wp-content\/uploads\/2025\/02\/AK2025.jpg","type":"image\/jpeg"}],"twitter_card":"summary_large_image","twitter_misc":{"Odhadovan\u00e1 doba \u010dten\u00ed":"3 minuty"},"schema":{"@context":"https:\/\/schema.org","@graph":[{"@type":"WebPage","@id":"https:\/\/uni.uhk.cz\/archeologie\/?page_id=30839","url":"https:\/\/uni.uhk.cz\/archeologie\/?page_id=30839","name":"Archeologie konflikt\u016f 2025 - Katedra archeologie","isPartOf":{"@id":"https:\/\/uni.uhk.cz\/archeologie\/#website"},"primaryImageOfPage":{"@id":"https:\/\/uni.uhk.cz\/archeologie\/?page_id=30839#primaryimage"},"image":{"@id":"https:\/\/uni.uhk.cz\/archeologie\/?page_id=30839#primaryimage"},"thumbnailUrl":"https:\/\/uni.uhk.cz\/archeologie\/wp-content\/uploads\/2025\/02\/AK2025.jpg","datePublished":"2025-02-19T10:41:19+00:00","dateModified":"2025-09-17T10:20:18+00:00","breadcrumb":{"@id":"https:\/\/uni.uhk.cz\/archeologie\/?page_id=30839#breadcrumb"},"inLanguage":"cs","potentialAction":[{"@type":"ReadAction","target":["https:\/\/uni.uhk.cz\/archeologie\/?page_id=30839"]}]},{"@type":"ImageObject","inLanguage":"cs","@id":"https:\/\/uni.uhk.cz\/archeologie\/?page_id=30839#primaryimage","url":"https:\/\/uni.uhk.cz\/archeologie\/wp-content\/uploads\/2025\/02\/AK2025.jpg","contentUrl":"https:\/\/uni.uhk.cz\/archeologie\/wp-content\/uploads\/2025\/02\/AK2025.jpg","width":534,"height":265},{"@type":"BreadcrumbList","@id":"https:\/\/uni.uhk.cz\/archeologie\/?page_id=30839#breadcrumb","itemListElement":[{"@type":"ListItem","position":1,"name":"Dom\u016f","item":"https:\/\/uni.uhk.cz\/archeologie\/"},{"@type":"ListItem","position":2,"name":"Archeologie konflikt\u016f 2025"}]},{"@type":"WebSite","@id":"https:\/\/uni.uhk.cz\/archeologie\/#website","url":"https:\/\/uni.uhk.cz\/archeologie\/","name":"Katedra archeologie FF UHK","description":"","potentialAction":[{"@type":"SearchAction","target":{"@type":"EntryPoint","urlTemplate":"https:\/\/uni.uhk.cz\/archeologie\/?s={search_term_string}"},"query-input":{"@type":"PropertyValueSpecification","valueRequired":true,"valueName":"search_term_string"}}],"inLanguage":"cs"}]}},"jetpack_sharing_enabled":true,"_links":{"self":[{"href":"https:\/\/uni.uhk.cz\/archeologie\/index.php?rest_route=\/wp\/v2\/pages\/30839","targetHints":{"allow":["GET"]}}],"collection":[{"href":"https:\/\/uni.uhk.cz\/archeologie\/index.php?rest_route=\/wp\/v2\/pages"}],"about":[{"href":"https:\/\/uni.uhk.cz\/archeologie\/index.php?rest_route=\/wp\/v2\/types\/page"}],"author":[{"embeddable":true,"href":"https:\/\/uni.uhk.cz\/archeologie\/index.php?rest_route=\/wp\/v2\/users\/3"}],"replies":[{"embeddable":true,"href":"https:\/\/uni.uhk.cz\/archeologie\/index.php?rest_route=%2Fwp%2Fv2%2Fcomments&post=30839"}],"version-history":[{"count":5,"href":"https:\/\/uni.uhk.cz\/archeologie\/index.php?rest_route=\/wp\/v2\/pages\/30839\/revisions"}],"predecessor-version":[{"id":31218,"href":"https:\/\/uni.uhk.cz\/archeologie\/index.php?rest_route=\/wp\/v2\/pages\/30839\/revisions\/31218"}],"wp:featuredmedia":[{"embeddable":true,"href":"https:\/\/uni.uhk.cz\/archeologie\/index.php?rest_route=\/wp\/v2\/media\/30841"}],"wp:attachment":[{"href":"https:\/\/uni.uhk.cz\/archeologie\/index.php?rest_route=%2Fwp%2Fv2%2Fmedia&parent=30839"}],"curies":[{"name":"wp","href":"https:\/\/api.w.org\/{rel}","templated":true}]}}