{"id":30742,"date":"2024-12-06T15:25:31","date_gmt":"2024-12-06T13:25:31","guid":{"rendered":"https:\/\/uni.uhk.cz\/archeologie\/?page_id=30742"},"modified":"2026-01-13T20:20:50","modified_gmt":"2026-01-13T18:20:50","slug":"pocitacova-podpora-v-archeologii-2025-umela-inteligence-a-strojove-uceni-v-archeologii-2","status":"publish","type":"page","link":"https:\/\/uni.uhk.cz\/archeologie\/?page_id=30742&lang=en","title":{"rendered":"Computer Applications in Archaeology: Artificial intelligence and machine learning in archaeology"},"content":{"rendered":"<section class=\"no-padding\"><div class=\"container\"><div class=\"row\"><div class=\"wpb_column hcode-column-container no-padding vc_col-sm-12 col-xs-mobile-fullwidth\" data-front-class=\"no-padding col-xs-mobile-fullwidth\"><div class=\"vc-column-innner-wrapper\"><p><strong><img loading=\"lazy\" decoding=\"async\" class=\"alignnone size-full wp-image-30733\" src=\"https:\/\/uni.uhk.cz\/archeologie\/wp-content\/uploads\/2024\/12\/PPA25_web-scaled.jpg\" alt=\"\" width=\"2560\" height=\"640\" srcset=\"https:\/\/uni.uhk.cz\/archeologie\/wp-content\/uploads\/2024\/12\/PPA25_web-scaled.jpg 2560w, https:\/\/uni.uhk.cz\/archeologie\/wp-content\/uploads\/2024\/12\/PPA25_web-300x75.jpg 300w, https:\/\/uni.uhk.cz\/archeologie\/wp-content\/uploads\/2024\/12\/PPA25_web-1024x256.jpg 1024w, https:\/\/uni.uhk.cz\/archeologie\/wp-content\/uploads\/2024\/12\/PPA25_web-768x192.jpg 768w, https:\/\/uni.uhk.cz\/archeologie\/wp-content\/uploads\/2024\/12\/PPA25_web-1536x384.jpg 1536w, https:\/\/uni.uhk.cz\/archeologie\/wp-content\/uploads\/2024\/12\/PPA25_web-2048x512.jpg 2048w, https:\/\/uni.uhk.cz\/archeologie\/wp-content\/uploads\/2024\/12\/PPA25_web-81x20.jpg 81w, https:\/\/uni.uhk.cz\/archeologie\/wp-content\/uploads\/2024\/12\/PPA25_web-600x150.jpg 600w\" sizes=\"auto, (max-width: 2560px) 100vw, 2560px\" \/><\/strong><\/p>\n<p><strong>The 24th Computer Applications in Archaeology conference<\/strong> will be held on<strong> 26-28 May 2025<\/strong> in the picturesque surroundings of the <strong><a href=\"https:\/\/www.dumhostu.cz\/\" target=\"_blank\" rel=\"noopener\">Broumov Monastery<\/a>.<\/strong><\/p>\n<p>As usual, the conference will focus on the use of digital methods and modern technologies in archaeology. The main theme of the conference is <strong>artificial intelligence and machine learning in archaeology<\/strong>. We, therefore, welcome contributions that address the use of the relatively new possibilities offered by these rapidly developing methods. Of course, we also welcome contributions from other traditional subject topics.<\/p>\n<\/div><\/div><\/div><\/div><\/section><section class=\"padding-one\"><div class=\"container\"><div class=\"row\"><div class=\"wpb_column hcode-column-container padding-right-four vc_col-sm-12 col-xs-mobile-fullwidth\" data-front-class=\"padding-right-four col-xs-mobile-fullwidth\"><div class=\"vc-column-innner-wrapper\"><div class=\"panel-group accordion-style3\" id=\"1733492498\" ><div class=\"panel panel-default\"><div class=\"panel-heading \"><a data-toggle=\"collapse\" data-parent=\"#1733492498\" href=\"#accordian-panel-1\"><h4 class=\"panel-title\" ><i class=\"fas fa-book extra-small-icon vertical-align-middle\"><\/i> Conference program<span class=\"pull-right\"><i class=\"fas fa-angle-down\"><\/i><\/span><\/h4><\/a><\/div><div id=\"accordian-panel-1\" class=\"panel-collapse collapse \"><div class=\"panel-body\"><p><a href=\"https:\/\/uni.uhk.cz\/archeologie\/wp-content\/uploads\/2026\/01\/PPA_program_update2026lr-scaled.png\" target=\"_blank\" rel=\"noopener\">Conference program<\/a><\/p>\n<p><a href=\"https:\/\/uni.uhk.cz\/archeologie\/wp-content\/uploads\/2025\/05\/PPA_brozura_abstract_book_WEB-1.pdf\" target=\"_blank\" rel=\"noopener\">Abstract book<\/a><\/p>\n<\/div><\/div><\/div><div class=\"panel panel-default\"><div class=\"panel-heading \"><a data-toggle=\"collapse\" data-parent=\"#1733492498\" href=\"#accordian-panel-2\"><h4 class=\"panel-title\" ><i class=\"fab fa-houzz extra-small-icon vertical-align-middle\"><\/i> Venue<span class=\"pull-right\"><i class=\"fas fa-angle-down\"><\/i><\/span><\/h4><\/a><\/div><div id=\"accordian-panel-2\" class=\"panel-collapse collapse \"><div class=\"panel-body\"><div class=\"col-md-2 col-sm-2 col-xs-6 no-padding xs-margin-bottom-five\"><img loading=\"lazy\" decoding=\"async\" width=\"1370\" height=\"1370\" src=\"https:\/\/uni.uhk.cz\/archeologie\/wp-content\/uploads\/2024\/12\/PPA25_kruh-1.png\" class=\"white-round-border no-border spa-packages-img\" alt=\"\" srcset=\"https:\/\/uni.uhk.cz\/archeologie\/wp-content\/uploads\/2024\/12\/PPA25_kruh-1.png 1370w, https:\/\/uni.uhk.cz\/archeologie\/wp-content\/uploads\/2024\/12\/PPA25_kruh-1-300x300.png 300w, https:\/\/uni.uhk.cz\/archeologie\/wp-content\/uploads\/2024\/12\/PPA25_kruh-1-1024x1024.png 1024w, https:\/\/uni.uhk.cz\/archeologie\/wp-content\/uploads\/2024\/12\/PPA25_kruh-1-150x150.png 150w, https:\/\/uni.uhk.cz\/archeologie\/wp-content\/uploads\/2024\/12\/PPA25_kruh-1-768x768.png 768w, https:\/\/uni.uhk.cz\/archeologie\/wp-content\/uploads\/2024\/12\/PPA25_kruh-1-81x81.png 81w, https:\/\/uni.uhk.cz\/archeologie\/wp-content\/uploads\/2024\/12\/PPA25_kruh-1-600x600.png 600w, https:\/\/uni.uhk.cz\/archeologie\/wp-content\/uploads\/2024\/12\/PPA25_kruh-1-100x100.png 100w\" sizes=\"auto, (max-width: 1370px) 100vw, 1370px\" \/><\/div><div class=\"col-md-9 col-sm-9 col-xs-12 sm-pull-right col-md-offset-1 no-padding\"><p>The conference will take place in the Broumov Monastery. The Broumov Monastery of the Order of Saint Benedict was founded in the 14th century. The buildings were rebuilt in the Baroque style at the beginning of the 18th century by Kry\u0161tof Dientzenhofer and his son Kili\u00e1n Ign\u00e1c. The conference will take place in the so-called Abbey Halls.<\/p>\n<p><strong><a href=\"https:\/\/www.google.com\/maps\/place\/Kl%C3%A1%C5%A1ter+Broumov\/@50.5813006,16.3335701,15.54z\/data=!4m6!3m5!1s0x470e431636046ef3:0xed1bf13b9101775a!8m2!3d50.5866287!4d16.3336243!16s%2Fg%2F1229c0qq?authuser=0&amp;entry=ttu&amp;g_ep=EgoyMDI0MTExOS4yIKXMDSoASAFQAw%3D%3D\" target=\"_blank\" rel=\"noopener\">MAP<\/a><\/strong><\/p>\n<\/div><\/div><\/div><\/div><div class=\"panel panel-default\"><div class=\"panel-heading \"><a data-toggle=\"collapse\" data-parent=\"#1733492498\" href=\"#accordian-panel-3\"><h4 class=\"panel-title\" ><i class=\"fas fa-bath extra-small-icon vertical-align-middle\"><\/i> Accommodation<span class=\"pull-right\"><i class=\"fas fa-angle-down\"><\/i><\/span><\/h4><\/a><\/div><div id=\"accordian-panel-3\" class=\"panel-collapse collapse \"><div class=\"panel-body\"><div class=\"col-md-2 col-sm-2 col-xs-6 no-padding xs-margin-bottom-five\"><img loading=\"lazy\" decoding=\"async\" width=\"1370\" height=\"1370\" src=\"https:\/\/uni.uhk.cz\/archeologie\/wp-content\/uploads\/2024\/12\/PPA25_kruh-2.png\" class=\"white-round-border no-border spa-packages-img\" alt=\"\" srcset=\"https:\/\/uni.uhk.cz\/archeologie\/wp-content\/uploads\/2024\/12\/PPA25_kruh-2.png 1370w, https:\/\/uni.uhk.cz\/archeologie\/wp-content\/uploads\/2024\/12\/PPA25_kruh-2-300x300.png 300w, https:\/\/uni.uhk.cz\/archeologie\/wp-content\/uploads\/2024\/12\/PPA25_kruh-2-1024x1024.png 1024w, https:\/\/uni.uhk.cz\/archeologie\/wp-content\/uploads\/2024\/12\/PPA25_kruh-2-150x150.png 150w, https:\/\/uni.uhk.cz\/archeologie\/wp-content\/uploads\/2024\/12\/PPA25_kruh-2-768x768.png 768w, https:\/\/uni.uhk.cz\/archeologie\/wp-content\/uploads\/2024\/12\/PPA25_kruh-2-81x81.png 81w, https:\/\/uni.uhk.cz\/archeologie\/wp-content\/uploads\/2024\/12\/PPA25_kruh-2-600x600.png 600w, https:\/\/uni.uhk.cz\/archeologie\/wp-content\/uploads\/2024\/12\/PPA25_kruh-2-100x100.png 100w\" sizes=\"auto, (max-width: 1370px) 100vw, 1370px\" \/><\/div><div class=\"col-md-9 col-sm-9 col-xs-12 sm-pull-right col-md-offset-1 no-padding\"><p>Accommodation is available directly at the <strong><a href=\"https:\/\/www.dumhostu.cz\/pokoje\" target=\"_blank\" rel=\"noopener\">monastery<\/a><\/strong>\u00a0or at\u00a0<a href=\"https:\/\/www.hotelveba.cz\/\" target=\"_blank\" rel=\"noopener\"><strong>Hotel Veba<\/strong><\/a> in Broumov.<\/p>\n<p>If the reserved capacity is complete, it is also possible to use accommodation in other accommodation facilities in the town.<\/p>\n<p>Reservation of accommodation should be made only through the registration form or by contacting us at +420 705 772 197 (Mgr. Jan Fi\u0161er).<\/p>\n<p>The organisers cover accommodation in a shared room for the limited number of students (24) who will attend the conference with papers. The following rule applies: \"First come, first served!\".<\/p>\n<p>Payments for accommodation will be settled at the venue directly with the provider. Breakfast is included in the price.<\/p>\n<\/div><\/div><\/div><\/div><div class=\"panel panel-default\"><div class=\"panel-heading \"><a data-toggle=\"collapse\" data-parent=\"#1733492498\" href=\"#accordian-panel-4\"><h4 class=\"panel-title\" ><i class=\"fas fa-pepper-hot extra-small-icon vertical-align-middle\"><\/i> Catering<span class=\"pull-right\"><i class=\"fas fa-angle-down\"><\/i><\/span><\/h4><\/a><\/div><div id=\"accordian-panel-4\" class=\"panel-collapse collapse \"><div class=\"panel-body\"><div class=\"col-md-2 col-sm-2 col-xs-6 no-padding xs-margin-bottom-five\"><img loading=\"lazy\" decoding=\"async\" width=\"1370\" height=\"1370\" src=\"https:\/\/uni.uhk.cz\/archeologie\/wp-content\/uploads\/2024\/12\/PPA25_kruh-3.png\" class=\"white-round-border no-border spa-packages-img\" alt=\"\" srcset=\"https:\/\/uni.uhk.cz\/archeologie\/wp-content\/uploads\/2024\/12\/PPA25_kruh-3.png 1370w, https:\/\/uni.uhk.cz\/archeologie\/wp-content\/uploads\/2024\/12\/PPA25_kruh-3-300x300.png 300w, https:\/\/uni.uhk.cz\/archeologie\/wp-content\/uploads\/2024\/12\/PPA25_kruh-3-1024x1024.png 1024w, https:\/\/uni.uhk.cz\/archeologie\/wp-content\/uploads\/2024\/12\/PPA25_kruh-3-150x150.png 150w, https:\/\/uni.uhk.cz\/archeologie\/wp-content\/uploads\/2024\/12\/PPA25_kruh-3-768x768.png 768w, https:\/\/uni.uhk.cz\/archeologie\/wp-content\/uploads\/2024\/12\/PPA25_kruh-3-81x81.png 81w, https:\/\/uni.uhk.cz\/archeologie\/wp-content\/uploads\/2024\/12\/PPA25_kruh-3-600x600.png 600w, https:\/\/uni.uhk.cz\/archeologie\/wp-content\/uploads\/2024\/12\/PPA25_kruh-3-100x100.png 100w\" sizes=\"auto, (max-width: 1370px) 100vw, 1370px\" \/><\/div><div class=\"col-md-9 col-sm-9 col-xs-12 sm-pull-right col-md-offset-1 no-padding\"><p>Catering during the conference is provided in the <a href=\"https:\/\/www.dumhostu.cz\/restaurace\" target=\"_blank\" rel=\"noopener\"><strong>Restaurant U T\u0159\u00ed r\u016f\u017e\u00ed<\/strong><\/a>, located in the monastery complex.<br \/>\nThe participants pay for lunches and dinners. Breakfast is included in the accommodation price. Please select from the lunch and dinner options on the registration form.<br \/>\nThe registration fee covers refreshments during breaks and the Tuesday reception. Other food and drinks are paid for separately by the participants.<\/p>\n<\/div><\/div><\/div><\/div><div class=\"panel panel-default\"><div class=\"panel-heading \"><a data-toggle=\"collapse\" data-parent=\"#1733492498\" href=\"#accordian-panel-5\"><h4 class=\"panel-title\" ><i class=\"fas fa-robot extra-small-icon vertical-align-middle\"><\/i> Registration<span class=\"pull-right\"><i class=\"fas fa-angle-down\"><\/i><\/span><\/h4><\/a><\/div><div id=\"accordian-panel-5\" class=\"panel-collapse collapse \"><div class=\"panel-body\"><div class=\"col-md-2 col-sm-2 col-xs-6 no-padding xs-margin-bottom-five\"><img loading=\"lazy\" decoding=\"async\" width=\"1370\" height=\"1370\" src=\"https:\/\/uni.uhk.cz\/archeologie\/wp-content\/uploads\/2024\/12\/PPA25_kruh-4.png\" class=\"white-round-border no-border spa-packages-img\" alt=\"\" srcset=\"https:\/\/uni.uhk.cz\/archeologie\/wp-content\/uploads\/2024\/12\/PPA25_kruh-4.png 1370w, https:\/\/uni.uhk.cz\/archeologie\/wp-content\/uploads\/2024\/12\/PPA25_kruh-4-300x300.png 300w, https:\/\/uni.uhk.cz\/archeologie\/wp-content\/uploads\/2024\/12\/PPA25_kruh-4-1024x1024.png 1024w, https:\/\/uni.uhk.cz\/archeologie\/wp-content\/uploads\/2024\/12\/PPA25_kruh-4-150x150.png 150w, https:\/\/uni.uhk.cz\/archeologie\/wp-content\/uploads\/2024\/12\/PPA25_kruh-4-768x768.png 768w, https:\/\/uni.uhk.cz\/archeologie\/wp-content\/uploads\/2024\/12\/PPA25_kruh-4-81x81.png 81w, https:\/\/uni.uhk.cz\/archeologie\/wp-content\/uploads\/2024\/12\/PPA25_kruh-4-600x600.png 600w, https:\/\/uni.uhk.cz\/archeologie\/wp-content\/uploads\/2024\/12\/PPA25_kruh-4-100x100.png 100w\" sizes=\"auto, (max-width: 1370px) 100vw, 1370px\" \/><\/div><div class=\"col-md-9 col-sm-9 col-xs-12 sm-pull-right col-md-offset-1 no-padding\"><p>The deadline for submitting papers and booking accommodation for the conference expires on 22 April 2025.<\/p>\n<p>Please send abstracts of the submitted papers until <strong>30 April 2025<\/strong> to <a href=\"mailto:ppa2025@uhk.cz\">ppa2025@uhk.cz<\/a><\/p>\n<p>The registration fee is 1500 CZK. The reduced registration fee for students is 700 CZK. The registration fee will be waived for students with a paper. The fee covers refreshments during the conference, a banquet, and organisational costs.<\/p>\n<p>Please follow the instructions below to pay the registration fee. Payment is possible until <strong>15 April 2025<\/strong> at the latest. Exceptions (e.g. payment on the spot) must be negotiated with the organisers in advance.<br \/>\nIf you require proof of payment of the registration fee, an advance invoice will be issued based on the billing information filled in the registration form.<br \/>\nIf you do not need proof of payment, please make payment to account <strong>IBAN: CZ65 0800 0000 0000 0273 3582, VS 0376000125<\/strong>.<\/p>\n<\/div><\/div><\/div><\/div><\/div><\/div><\/div><\/div><\/div><\/section>","protected":false},"excerpt":{"rendered":"<p>The 24th Computer Applications in Archaeology conference will be held on 26-28 May 2025 in the picturesque surroundings of the Broumov Monastery. As usual, the conference will focus on the use of digital methods and modern technologies in archaeology. The main theme of the conference is artificial intelligence and machine learning in archaeology. We, therefore, [&hellip;]<\/p>\n","protected":false},"author":3,"featured_media":30701,"parent":0,"menu_order":0,"comment_status":"closed","ping_status":"closed","template":"","meta":{"_exactmetrics_skip_tracking":false,"_exactmetrics_sitenote_active":false,"_exactmetrics_sitenote_note":"","_exactmetrics_sitenote_category":0,"footnotes":""},"class_list":["post-30742","page","type-page","status-publish","has-post-thumbnail","hentry"],"yoast_head":"<!-- This site is optimized with the Yoast SEO plugin v27.5 - https:\/\/yoast.com\/product\/yoast-seo-wordpress\/ -->\n<title>Computer Applications in Archaeology: Artificial intelligence and machine learning in archaeology - Katedra archeologie<\/title>\n<meta name=\"robots\" content=\"index, follow, max-snippet:-1, max-image-preview:large, max-video-preview:-1\" \/>\n<link rel=\"canonical\" href=\"https:\/\/uni.uhk.cz\/archeologie\/?page_id=30742&lang=en\" \/>\n<meta property=\"og:locale\" content=\"cs_CZ\" \/>\n<meta property=\"og:type\" content=\"article\" \/>\n<meta property=\"og:title\" content=\"Computer Applications in Archaeology: Artificial intelligence and machine learning in archaeology - Katedra archeologie\" \/>\n<meta property=\"og:description\" content=\"The 24th Computer Applications in Archaeology conference will be held on 26-28 May 2025 in the picturesque surroundings of the Broumov Monastery. As usual, the conference will focus on the use of digital methods and modern technologies in archaeology. The main theme of the conference is artificial intelligence and machine learning in archaeology. We, therefore, [&hellip;]\" \/>\n<meta property=\"og:url\" content=\"https:\/\/uni.uhk.cz\/archeologie\/?page_id=30742&amp;lang=en\" \/>\n<meta property=\"og:site_name\" content=\"Katedra archeologie\" \/>\n<meta property=\"article:modified_time\" content=\"2026-01-13T18:20:50+00:00\" \/>\n<meta property=\"og:image\" content=\"https:\/\/uni.uhk.cz\/archeologie\/wp-content\/uploads\/2024\/12\/PPA_web2-scaled-e1733491840570.jpg\" \/>\n\t<meta property=\"og:image:width\" content=\"1920\" \/>\n\t<meta property=\"og:image:height\" content=\"480\" \/>\n\t<meta property=\"og:image:type\" content=\"image\/jpeg\" \/>\n<meta name=\"twitter:card\" content=\"summary_large_image\" \/>\n<meta name=\"twitter:label1\" content=\"Odhadovan\u00e1 doba \u010dten\u00ed\" \/>\n\t<meta name=\"twitter:data1\" content=\"4 minuty\" \/>\n<script type=\"application\/ld+json\" class=\"yoast-schema-graph\">{\"@context\":\"https:\\\/\\\/schema.org\",\"@graph\":[{\"@type\":\"WebPage\",\"@id\":\"https:\\\/\\\/uni.uhk.cz\\\/archeologie\\\/?page_id=30742&lang=en\",\"url\":\"https:\\\/\\\/uni.uhk.cz\\\/archeologie\\\/?page_id=30742&lang=en\",\"name\":\"Computer Applications in Archaeology: Artificial intelligence and machine learning in archaeology - Katedra archeologie\",\"isPartOf\":{\"@id\":\"https:\\\/\\\/uni.uhk.cz\\\/archeologie\\\/#website\"},\"primaryImageOfPage\":{\"@id\":\"https:\\\/\\\/uni.uhk.cz\\\/archeologie\\\/?page_id=30742&lang=en#primaryimage\"},\"image\":{\"@id\":\"https:\\\/\\\/uni.uhk.cz\\\/archeologie\\\/?page_id=30742&lang=en#primaryimage\"},\"thumbnailUrl\":\"https:\\\/\\\/uni.uhk.cz\\\/archeologie\\\/wp-content\\\/uploads\\\/2024\\\/12\\\/PPA_web2-scaled-e1733491840570.jpg\",\"datePublished\":\"2024-12-06T13:25:31+00:00\",\"dateModified\":\"2026-01-13T18:20:50+00:00\",\"breadcrumb\":{\"@id\":\"https:\\\/\\\/uni.uhk.cz\\\/archeologie\\\/?page_id=30742&lang=en#breadcrumb\"},\"inLanguage\":\"cs\",\"potentialAction\":[{\"@type\":\"ReadAction\",\"target\":[\"https:\\\/\\\/uni.uhk.cz\\\/archeologie\\\/?page_id=30742&lang=en\"]}]},{\"@type\":\"ImageObject\",\"inLanguage\":\"cs\",\"@id\":\"https:\\\/\\\/uni.uhk.cz\\\/archeologie\\\/?page_id=30742&lang=en#primaryimage\",\"url\":\"https:\\\/\\\/uni.uhk.cz\\\/archeologie\\\/wp-content\\\/uploads\\\/2024\\\/12\\\/PPA_web2-scaled-e1733491840570.jpg\",\"contentUrl\":\"https:\\\/\\\/uni.uhk.cz\\\/archeologie\\\/wp-content\\\/uploads\\\/2024\\\/12\\\/PPA_web2-scaled-e1733491840570.jpg\",\"width\":1920,\"height\":480},{\"@type\":\"BreadcrumbList\",\"@id\":\"https:\\\/\\\/uni.uhk.cz\\\/archeologie\\\/?page_id=30742&lang=en#breadcrumb\",\"itemListElement\":[{\"@type\":\"ListItem\",\"position\":1,\"name\":\"Dom\u016f\",\"item\":\"https:\\\/\\\/uni.uhk.cz\\\/archeologie\\\/\"},{\"@type\":\"ListItem\",\"position\":2,\"name\":\"Computer Applications in Archaeology: Artificial intelligence and machine learning in archaeology\"}]},{\"@type\":\"WebSite\",\"@id\":\"https:\\\/\\\/uni.uhk.cz\\\/archeologie\\\/#website\",\"url\":\"https:\\\/\\\/uni.uhk.cz\\\/archeologie\\\/\",\"name\":\"Katedra archeologie FF UHK\",\"description\":\"\",\"potentialAction\":[{\"@type\":\"SearchAction\",\"target\":{\"@type\":\"EntryPoint\",\"urlTemplate\":\"https:\\\/\\\/uni.uhk.cz\\\/archeologie\\\/?s={search_term_string}\"},\"query-input\":{\"@type\":\"PropertyValueSpecification\",\"valueRequired\":true,\"valueName\":\"search_term_string\"}}],\"inLanguage\":\"cs\"}]}<\/script>\n<!-- \/ Yoast SEO plugin. -->","yoast_head_json":{"title":"Computer Applications in Archaeology: Artificial intelligence and machine learning in archaeology - Katedra archeologie","robots":{"index":"index","follow":"follow","max-snippet":"max-snippet:-1","max-image-preview":"max-image-preview:large","max-video-preview":"max-video-preview:-1"},"canonical":"https:\/\/uni.uhk.cz\/archeologie\/?page_id=30742&lang=en","og_locale":"cs_CZ","og_type":"article","og_title":"Computer Applications in Archaeology: Artificial intelligence and machine learning in archaeology - Katedra archeologie","og_description":"The 24th Computer Applications in Archaeology conference will be held on 26-28 May 2025 in the picturesque surroundings of the Broumov Monastery. As usual, the conference will focus on the use of digital methods and modern technologies in archaeology. The main theme of the conference is artificial intelligence and machine learning in archaeology. We, therefore, [&hellip;]","og_url":"https:\/\/uni.uhk.cz\/archeologie\/?page_id=30742&lang=en","og_site_name":"Katedra archeologie","article_modified_time":"2026-01-13T18:20:50+00:00","og_image":[{"width":1920,"height":480,"url":"https:\/\/uni.uhk.cz\/archeologie\/wp-content\/uploads\/2024\/12\/PPA_web2-scaled-e1733491840570.jpg","type":"image\/jpeg"}],"twitter_card":"summary_large_image","twitter_misc":{"Odhadovan\u00e1 doba \u010dten\u00ed":"4 minuty"},"schema":{"@context":"https:\/\/schema.org","@graph":[{"@type":"WebPage","@id":"https:\/\/uni.uhk.cz\/archeologie\/?page_id=30742&lang=en","url":"https:\/\/uni.uhk.cz\/archeologie\/?page_id=30742&lang=en","name":"Computer Applications in Archaeology: Artificial intelligence and machine learning in archaeology - Katedra archeologie","isPartOf":{"@id":"https:\/\/uni.uhk.cz\/archeologie\/#website"},"primaryImageOfPage":{"@id":"https:\/\/uni.uhk.cz\/archeologie\/?page_id=30742&lang=en#primaryimage"},"image":{"@id":"https:\/\/uni.uhk.cz\/archeologie\/?page_id=30742&lang=en#primaryimage"},"thumbnailUrl":"https:\/\/uni.uhk.cz\/archeologie\/wp-content\/uploads\/2024\/12\/PPA_web2-scaled-e1733491840570.jpg","datePublished":"2024-12-06T13:25:31+00:00","dateModified":"2026-01-13T18:20:50+00:00","breadcrumb":{"@id":"https:\/\/uni.uhk.cz\/archeologie\/?page_id=30742&lang=en#breadcrumb"},"inLanguage":"cs","potentialAction":[{"@type":"ReadAction","target":["https:\/\/uni.uhk.cz\/archeologie\/?page_id=30742&lang=en"]}]},{"@type":"ImageObject","inLanguage":"cs","@id":"https:\/\/uni.uhk.cz\/archeologie\/?page_id=30742&lang=en#primaryimage","url":"https:\/\/uni.uhk.cz\/archeologie\/wp-content\/uploads\/2024\/12\/PPA_web2-scaled-e1733491840570.jpg","contentUrl":"https:\/\/uni.uhk.cz\/archeologie\/wp-content\/uploads\/2024\/12\/PPA_web2-scaled-e1733491840570.jpg","width":1920,"height":480},{"@type":"BreadcrumbList","@id":"https:\/\/uni.uhk.cz\/archeologie\/?page_id=30742&lang=en#breadcrumb","itemListElement":[{"@type":"ListItem","position":1,"name":"Dom\u016f","item":"https:\/\/uni.uhk.cz\/archeologie\/"},{"@type":"ListItem","position":2,"name":"Computer Applications in Archaeology: Artificial intelligence and machine learning in archaeology"}]},{"@type":"WebSite","@id":"https:\/\/uni.uhk.cz\/archeologie\/#website","url":"https:\/\/uni.uhk.cz\/archeologie\/","name":"Katedra archeologie FF UHK","description":"","potentialAction":[{"@type":"SearchAction","target":{"@type":"EntryPoint","urlTemplate":"https:\/\/uni.uhk.cz\/archeologie\/?s={search_term_string}"},"query-input":{"@type":"PropertyValueSpecification","valueRequired":true,"valueName":"search_term_string"}}],"inLanguage":"cs"}]}},"jetpack_sharing_enabled":true,"_links":{"self":[{"href":"https:\/\/uni.uhk.cz\/archeologie\/index.php?rest_route=\/wp\/v2\/pages\/30742","targetHints":{"allow":["GET"]}}],"collection":[{"href":"https:\/\/uni.uhk.cz\/archeologie\/index.php?rest_route=\/wp\/v2\/pages"}],"about":[{"href":"https:\/\/uni.uhk.cz\/archeologie\/index.php?rest_route=\/wp\/v2\/types\/page"}],"author":[{"embeddable":true,"href":"https:\/\/uni.uhk.cz\/archeologie\/index.php?rest_route=\/wp\/v2\/users\/3"}],"replies":[{"embeddable":true,"href":"https:\/\/uni.uhk.cz\/archeologie\/index.php?rest_route=%2Fwp%2Fv2%2Fcomments&post=30742"}],"version-history":[{"count":5,"href":"https:\/\/uni.uhk.cz\/archeologie\/index.php?rest_route=\/wp\/v2\/pages\/30742\/revisions"}],"predecessor-version":[{"id":31288,"href":"https:\/\/uni.uhk.cz\/archeologie\/index.php?rest_route=\/wp\/v2\/pages\/30742\/revisions\/31288"}],"wp:featuredmedia":[{"embeddable":true,"href":"https:\/\/uni.uhk.cz\/archeologie\/index.php?rest_route=\/wp\/v2\/media\/30701"}],"wp:attachment":[{"href":"https:\/\/uni.uhk.cz\/archeologie\/index.php?rest_route=%2Fwp%2Fv2%2Fmedia&parent=30742"}],"curies":[{"name":"wp","href":"https:\/\/api.w.org\/{rel}","templated":true}]}}