{"id":30031,"date":"2024-02-13T11:43:22","date_gmt":"2024-02-13T09:43:22","guid":{"rendered":"https:\/\/uni.uhk.cz\/archeologie\/?page_id=30031"},"modified":"2024-09-27T10:43:38","modified_gmt":"2024-09-27T08:43:38","slug":"edih","status":"publish","type":"page","link":"https:\/\/uni.uhk.cz\/archeologie\/?page_id=30031","title":{"rendered":"EDIH"},"content":{"rendered":"<img loading=\"lazy\" decoding=\"async\" class=\"alignnone wp-image-30032\" src=\"https:\/\/uni.uhk.cz\/archeologie\/wp-content\/uploads\/2024\/02\/edih.png\" alt=\"\" width=\"431\" height=\"152\" srcset=\"https:\/\/uni.uhk.cz\/archeologie\/wp-content\/uploads\/2024\/02\/edih.png 692w, https:\/\/uni.uhk.cz\/archeologie\/wp-content\/uploads\/2024\/02\/edih-300x106.png 300w, https:\/\/uni.uhk.cz\/archeologie\/wp-content\/uploads\/2024\/02\/edih-81x29.png 81w, https:\/\/uni.uhk.cz\/archeologie\/wp-content\/uploads\/2024\/02\/edih-600x212.png 600w\" sizes=\"auto, (max-width: 431px) 100vw, 431px\" \/>\r\n\r\nNa\u0161e katedra je sou\u010d\u00e1sti <a href=\"https:\/\/www.edih-northeast.cz\/\">Evropsk\u00e9ho digit\u00e1ln\u00edho inova\u010dn\u00edho hubu pro Libereck\u00fd a Kr\u00e1lov\u00e9hradeck\u00fd kraj (EDIH NEB)<\/a>\u00a0v\u00a0r\u00e1mci kter\u00e9ho poskytujeme slu\u017eby v oblasti digitalizace v\u00a0archeologii a archivnictv\u00ed. Tento projekt je financov\u00e1n z\u00a0programu <a href=\"https:\/\/digital-strategy.ec.europa.eu\/en\/activities\/digital-programme\">Evropsk\u00e9 unie Digital Europe<\/a> a <a href=\"https:\/\/www.planobnovycr.cz\/\">N\u00e1rodn\u00edho pl\u00e1nu obnovy<\/a>.\r\n\r\nKrom\u011b \u0159ady slu\u017eeb pro mal\u00e9, st\u0159edn\u00ed firmy (do 499 zam\u011bstnanc\u016f) a ve\u0159ejn\u00e9 organizace v\u00a0oblasti poradenstv\u00ed, testov\u00e1n\u00ed a implementace digit\u00e1ln\u00edch technologi\u00ed, slu\u017eeb a vzd\u011bl\u00e1v\u00e1n\u00ed na t\u00e9ma digitalizace \u010di pomoci s dota\u010dn\u00edm managementem si m\u016f\u017eete ve sv\u00e9 pr\u00e1ci na\u0161\u00edm prost\u0159ednictv\u00edm otestovat:\r\n<ol data-listchain=\"__List_Chain_83\">\r\n \t<li><a href=\"https:\/\/uni.uhk.cz\/archeologie\/?p=29572\">Identifikace podpovrchov\u00fdch relikt\u016f archeologick\u00fdch objekt\u016f pomoc\u00ed magnetometrick\u00e9ho m\u011b\u0159en\u00ed<\/a><\/li>\r\n \t<li><a href=\"https:\/\/uni.uhk.cz\/archeologie\/?p=29648\">Digitalizace dokumentace archeologick\u00e9ho v\u00fdzkumu v prost\u0159ed\u00ed geografick\u00fdch informa\u010dn\u00edch syst\u00e9m\u016f v\u010detn\u011b zpracov\u00e1n\u00ed 3D dokumentace<\/a><\/li>\r\n \t<li><a href=\"https:\/\/uni.uhk.cz\/archeologie\/?p=29904\">Po\u0159\u00edzen\u00ed rentgenov\u00fdch sn\u00edmk\u016f sb\u00edrkov\u00fdch p\u0159edm\u011bt\u016f<\/a><\/li>\r\n \t<li><a href=\"https:\/\/uni.uhk.cz\/archeologie\/?p=29579\">Rekonstruk\u010dn\u00ed v\u00fdpo\u010detn\u00ed tomografie sb\u00edrkov\u00fdch p\u0159edm\u011bt\u016f<\/a><\/li>\r\n<\/ol>\r\nSlu\u017eby digit\u00e1ln\u00edho auditu jsou pro p\u0159\u00edjemce zcela zdarma. U odborn\u00fdch slu\u017eeb nab\u00edzen\u00fdch na\u0161\u00ed katedrou mus\u00ed p\u0159\u00edjemce odv\u00e9st DHP z jejich ceny.\r\n\r\nP\u0159\u00edjemce slu\u017eeb EDIH NEB nem\u016f\u017ee realizovat p\u0159edm\u011bt popt\u00e1van\u00e9 slu\u017eby \u010di jej\u00ed \u010d\u00e1sti v\u00a0jin\u00e9m programu financovan\u00e9m z\u00a0ve\u0159ejn\u00fdch zdroj\u016f, tedy nesm\u00ed doj\u00edt k tzv. dvoj\u00edmu financov\u00e1n\u00ed ve smyslu <a href=\"https:\/\/www.planobnovycr.cz\/ke-stazeni\">Metodick\u00fdch pokyn\u016f pro N\u00e1rodn\u00ed pl\u00e1n obnovy na obdob\u00ed 2021-2026<\/a>.\r\n\r\nP\u0159i konzultac\u00edch a stanoven\u00ed typu a rozsahu popt\u00e1van\u00fdch slu\u017eeb se vypl\u0148uje <a href=\"https:\/\/uni.uhk.cz\/archeologie\/wp-content\/uploads\/2024\/02\/VZOR_003_Zapis-z-jednani-EDIH-NEB.docx\">Z\u00e1pis ze setk\u00e1n\u00ed<\/a>.\r\n\r\nPro poskytnut\u00ed shora uveden\u00fdch slu\u017eeb mus\u00ed P\u0159\u00edjemce absolvovat <a href=\"https:\/\/uni.uhk.cz\/archeologie\/wp-content\/uploads\/2024\/05\/Hodnoceni-digitalni-vyspelosti-VO.pdf\">Hodnocen\u00ed digit\u00e1ln\u00ed vysp\u011blosti<\/a> (digit\u00e1ln\u00ed audit). Jde o \u010dasov\u011b nen\u00e1ro\u010dn\u00e9 zaznamen\u00e1n\u00ed m\u00edry digitalizace klienta a nijak neovliv\u0148uje pr\u016fb\u011bh poskytnut\u00ed slu\u017eby.\r\n\r\nShora uveden\u00e9 slu\u017eby jsou realizovany na z\u00e1klad\u011b <a href=\"https:\/\/uni.uhk.cz\/archeologie\/wp-content\/uploads\/2024\/09\/VZOR_WP2_Smlouva_poskytovani_sluzby_TbI_VO_FF_rev-24.9.2024_platna.docx\">Smlouvy o poskytov\u00e1n\u00ed slu\u017eeb v r\u00e1mci projektu \u201cEDIH Northern and Eastern Bohemia\u201d<\/a> , jej\u00ed\u017e sou\u010d\u00e1st\u00ed jsou:\r\n<ul>\r\n \t<li><a href=\"https:\/\/uni.uhk.cz\/archeologie\/wp-content\/uploads\/2024\/09\/Priloha-1-Cestne-prohlaseni-k-vylouceni-stretu-zajmu-ve-vztahu-k-poskytovateli-podpory_zadatel-prijemce.xlsx\">\u010cesn\u00e9 prohl\u00e1\u0161en\u00ed k\u00a0vylou\u010den\u00ed st\u0159etu z\u00e1jm\u016f ve vztahu k\u00a0poskytovateli podpory<\/a><\/li>\r\n \t<li><a href=\"https:\/\/uni.uhk.cz\/archeologie\/wp-content\/uploads\/2024\/09\/Priloha-2-Cestne-prohlaseni-k-vylouceni-dvojiho-financovani.docx\">\u010cesn\u00e9 prohl\u00e1\u0161en\u00ed k vylou\u010den\u00ed dvoj\u00ed financov\u00e1n\u00ed<\/a><\/li>\r\n \t<li><a href=\"https:\/\/uni.uhk.cz\/archeologie\/wp-content\/uploads\/2024\/09\/Priloha-3-Cestne-prohlaseni-o-dodrzeni-principu-DNSH.docx\">\u010cesn\u00e9 prohl\u00e1\u0161en\u00ed o dodr\u017een\u00ed principu DNSH<\/a><\/li>\r\n \t<li><a href=\"https:\/\/uni.uhk.cz\/archeologie\/wp-content\/uploads\/2024\/09\/Priloha-4-VZOR-Cestne-prohlaseni-o-uskutecnenych-investicich-do-digitalizace.docx\">\u010cestn\u00e9 prohl\u00e1\u0161en\u00ed o uskute\u010dn\u011bn\u00fdch investic\u00edch do digitalizace<\/a><\/li>\r\n \t<li><a href=\"https:\/\/uni.uhk.cz\/archeologie\/wp-content\/uploads\/2024\/09\/Priloha-5-Cestne-prohlaseni-de-minimis_rev_01_06_2024.docx\">\u010cestn\u00e9 prohl\u00e1\u0161en\u00ed o podporu v re\u017eimu de minimis<\/a><\/li>\r\n<\/ul>\r\nPokud budete m\u00edt z\u00e1jem realizovat slu\u017eby nab\u00edzen\u00e9 Katedrou archeologie FF UHK v\u00a0r\u00e1mci programu EDIH NEB kontaktujte:\r\n\r\n<strong>Mgr. Ladislav Ryt\u00ed\u0159<\/strong>\r\nProject manager and coordinator for TEST BEFORE INVEST\r\nDepartment of Archaeology FF UHK \/\u00a0Katedra archeologie FF UHK\r\n<a href=\"https:\/\/uni.uhk.cz\/archeologie\/\" data-auth=\"NotApplicable\">https:\/\/uni.uhk.cz\/archeologie\/<\/a>\r\n<strong>Office \/\u00a0Kancel\u00e1\u0159:<\/strong> V\u00edta Nejedl\u00e9ho 573\/4, m\u00edstnost 52370\r\n<strong>Tel:<\/strong>\u00a0+420\u00a0493\u00a0331 554\r\n<strong>GSM:<\/strong>\u00a0+420 735 702 315\r\n<strong>E-mail:<\/strong>\u00a0<a href=\"mailto:ladislav.rytir@uhk.cz\" data-loopstyle=\"link\">ladislav.rytir@uhk.cz<\/a>","protected":false},"excerpt":{"rendered":"<p>Na\u0161e katedra je sou\u010d\u00e1sti Evropsk\u00e9ho digit\u00e1ln\u00edho inova\u010dn\u00edho hubu pro Libereck\u00fd a Kr\u00e1lov\u00e9hradeck\u00fd kraj (EDIH NEB)\u00a0v\u00a0r\u00e1mci kter\u00e9ho poskytujeme slu\u017eby v oblasti digitalizace v\u00a0archeologii a archivnictv\u00ed. Tento projekt je financov\u00e1n z\u00a0programu Evropsk\u00e9 unie Digital Europe a N\u00e1rodn\u00edho pl\u00e1nu obnovy. Krom\u011b \u0159ady slu\u017eeb pro mal\u00e9, st\u0159edn\u00ed firmy (do 499 zam\u011bstnanc\u016f) a ve\u0159ejn\u00e9 organizace v\u00a0oblasti poradenstv\u00ed, testov\u00e1n\u00ed a implementace [&hellip;]<\/p>\n","protected":false},"author":3,"featured_media":30032,"parent":0,"menu_order":0,"comment_status":"closed","ping_status":"closed","template":"","meta":{"_exactmetrics_skip_tracking":false,"_exactmetrics_sitenote_active":false,"_exactmetrics_sitenote_note":"","_exactmetrics_sitenote_category":0,"footnotes":""},"class_list":["post-30031","page","type-page","status-publish","has-post-thumbnail","hentry"],"yoast_head":"<!-- This site is optimized with the Yoast SEO plugin v27.5 - https:\/\/yoast.com\/product\/yoast-seo-wordpress\/ -->\n<title>EDIH - Katedra archeologie<\/title>\n<meta name=\"robots\" content=\"index, follow, max-snippet:-1, max-image-preview:large, max-video-preview:-1\" \/>\n<link rel=\"canonical\" href=\"https:\/\/uni.uhk.cz\/archeologie\/?page_id=30031\" \/>\n<meta property=\"og:locale\" content=\"cs_CZ\" \/>\n<meta property=\"og:type\" content=\"article\" \/>\n<meta property=\"og:title\" content=\"EDIH - Katedra archeologie\" \/>\n<meta property=\"og:description\" content=\"Na\u0161e katedra je sou\u010d\u00e1sti Evropsk\u00e9ho digit\u00e1ln\u00edho inova\u010dn\u00edho hubu pro Libereck\u00fd a Kr\u00e1lov\u00e9hradeck\u00fd kraj (EDIH NEB)\u00a0v\u00a0r\u00e1mci kter\u00e9ho poskytujeme slu\u017eby v oblasti digitalizace v\u00a0archeologii a archivnictv\u00ed. Tento projekt je financov\u00e1n z\u00a0programu Evropsk\u00e9 unie Digital Europe a N\u00e1rodn\u00edho pl\u00e1nu obnovy. Krom\u011b \u0159ady slu\u017eeb pro mal\u00e9, st\u0159edn\u00ed firmy (do 499 zam\u011bstnanc\u016f) a ve\u0159ejn\u00e9 organizace v\u00a0oblasti poradenstv\u00ed, testov\u00e1n\u00ed a implementace [&hellip;]\" \/>\n<meta property=\"og:url\" content=\"https:\/\/uni.uhk.cz\/archeologie\/?page_id=30031\" \/>\n<meta property=\"og:site_name\" content=\"Katedra archeologie\" \/>\n<meta property=\"article:modified_time\" content=\"2024-09-27T08:43:38+00:00\" \/>\n<meta property=\"og:image\" content=\"https:\/\/uni.uhk.cz\/archeologie\/wp-content\/uploads\/2024\/02\/edih.png\" \/>\n\t<meta property=\"og:image:width\" content=\"692\" \/>\n\t<meta property=\"og:image:height\" content=\"244\" \/>\n\t<meta property=\"og:image:type\" content=\"image\/png\" \/>\n<meta name=\"twitter:card\" content=\"summary_large_image\" \/>\n<meta name=\"twitter:label1\" content=\"Odhadovan\u00e1 doba \u010dten\u00ed\" \/>\n\t<meta name=\"twitter:data1\" content=\"3 minuty\" \/>\n<script type=\"application\/ld+json\" class=\"yoast-schema-graph\">{\"@context\":\"https:\\\/\\\/schema.org\",\"@graph\":[{\"@type\":\"WebPage\",\"@id\":\"https:\\\/\\\/uni.uhk.cz\\\/archeologie\\\/?page_id=30031\",\"url\":\"https:\\\/\\\/uni.uhk.cz\\\/archeologie\\\/?page_id=30031\",\"name\":\"EDIH - Katedra archeologie\",\"isPartOf\":{\"@id\":\"https:\\\/\\\/uni.uhk.cz\\\/archeologie\\\/#website\"},\"primaryImageOfPage\":{\"@id\":\"https:\\\/\\\/uni.uhk.cz\\\/archeologie\\\/?page_id=30031#primaryimage\"},\"image\":{\"@id\":\"https:\\\/\\\/uni.uhk.cz\\\/archeologie\\\/?page_id=30031#primaryimage\"},\"thumbnailUrl\":\"https:\\\/\\\/uni.uhk.cz\\\/archeologie\\\/wp-content\\\/uploads\\\/2024\\\/02\\\/edih.png\",\"datePublished\":\"2024-02-13T09:43:22+00:00\",\"dateModified\":\"2024-09-27T08:43:38+00:00\",\"breadcrumb\":{\"@id\":\"https:\\\/\\\/uni.uhk.cz\\\/archeologie\\\/?page_id=30031#breadcrumb\"},\"inLanguage\":\"cs\",\"potentialAction\":[{\"@type\":\"ReadAction\",\"target\":[\"https:\\\/\\\/uni.uhk.cz\\\/archeologie\\\/?page_id=30031\"]}]},{\"@type\":\"ImageObject\",\"inLanguage\":\"cs\",\"@id\":\"https:\\\/\\\/uni.uhk.cz\\\/archeologie\\\/?page_id=30031#primaryimage\",\"url\":\"https:\\\/\\\/uni.uhk.cz\\\/archeologie\\\/wp-content\\\/uploads\\\/2024\\\/02\\\/edih.png\",\"contentUrl\":\"https:\\\/\\\/uni.uhk.cz\\\/archeologie\\\/wp-content\\\/uploads\\\/2024\\\/02\\\/edih.png\",\"width\":692,\"height\":244},{\"@type\":\"BreadcrumbList\",\"@id\":\"https:\\\/\\\/uni.uhk.cz\\\/archeologie\\\/?page_id=30031#breadcrumb\",\"itemListElement\":[{\"@type\":\"ListItem\",\"position\":1,\"name\":\"Dom\u016f\",\"item\":\"https:\\\/\\\/uni.uhk.cz\\\/archeologie\\\/\"},{\"@type\":\"ListItem\",\"position\":2,\"name\":\"EDIH\"}]},{\"@type\":\"WebSite\",\"@id\":\"https:\\\/\\\/uni.uhk.cz\\\/archeologie\\\/#website\",\"url\":\"https:\\\/\\\/uni.uhk.cz\\\/archeologie\\\/\",\"name\":\"Katedra archeologie FF UHK\",\"description\":\"\",\"potentialAction\":[{\"@type\":\"SearchAction\",\"target\":{\"@type\":\"EntryPoint\",\"urlTemplate\":\"https:\\\/\\\/uni.uhk.cz\\\/archeologie\\\/?s={search_term_string}\"},\"query-input\":{\"@type\":\"PropertyValueSpecification\",\"valueRequired\":true,\"valueName\":\"search_term_string\"}}],\"inLanguage\":\"cs\"}]}<\/script>\n<!-- \/ Yoast SEO plugin. -->","yoast_head_json":{"title":"EDIH - Katedra archeologie","robots":{"index":"index","follow":"follow","max-snippet":"max-snippet:-1","max-image-preview":"max-image-preview:large","max-video-preview":"max-video-preview:-1"},"canonical":"https:\/\/uni.uhk.cz\/archeologie\/?page_id=30031","og_locale":"cs_CZ","og_type":"article","og_title":"EDIH - Katedra archeologie","og_description":"Na\u0161e katedra je sou\u010d\u00e1sti Evropsk\u00e9ho digit\u00e1ln\u00edho inova\u010dn\u00edho hubu pro Libereck\u00fd a Kr\u00e1lov\u00e9hradeck\u00fd kraj (EDIH NEB)\u00a0v\u00a0r\u00e1mci kter\u00e9ho poskytujeme slu\u017eby v oblasti digitalizace v\u00a0archeologii a archivnictv\u00ed. Tento projekt je financov\u00e1n z\u00a0programu Evropsk\u00e9 unie Digital Europe a N\u00e1rodn\u00edho pl\u00e1nu obnovy. Krom\u011b \u0159ady slu\u017eeb pro mal\u00e9, st\u0159edn\u00ed firmy (do 499 zam\u011bstnanc\u016f) a ve\u0159ejn\u00e9 organizace v\u00a0oblasti poradenstv\u00ed, testov\u00e1n\u00ed a implementace [&hellip;]","og_url":"https:\/\/uni.uhk.cz\/archeologie\/?page_id=30031","og_site_name":"Katedra archeologie","article_modified_time":"2024-09-27T08:43:38+00:00","og_image":[{"width":692,"height":244,"url":"https:\/\/uni.uhk.cz\/archeologie\/wp-content\/uploads\/2024\/02\/edih.png","type":"image\/png"}],"twitter_card":"summary_large_image","twitter_misc":{"Odhadovan\u00e1 doba \u010dten\u00ed":"3 minuty"},"schema":{"@context":"https:\/\/schema.org","@graph":[{"@type":"WebPage","@id":"https:\/\/uni.uhk.cz\/archeologie\/?page_id=30031","url":"https:\/\/uni.uhk.cz\/archeologie\/?page_id=30031","name":"EDIH - Katedra archeologie","isPartOf":{"@id":"https:\/\/uni.uhk.cz\/archeologie\/#website"},"primaryImageOfPage":{"@id":"https:\/\/uni.uhk.cz\/archeologie\/?page_id=30031#primaryimage"},"image":{"@id":"https:\/\/uni.uhk.cz\/archeologie\/?page_id=30031#primaryimage"},"thumbnailUrl":"https:\/\/uni.uhk.cz\/archeologie\/wp-content\/uploads\/2024\/02\/edih.png","datePublished":"2024-02-13T09:43:22+00:00","dateModified":"2024-09-27T08:43:38+00:00","breadcrumb":{"@id":"https:\/\/uni.uhk.cz\/archeologie\/?page_id=30031#breadcrumb"},"inLanguage":"cs","potentialAction":[{"@type":"ReadAction","target":["https:\/\/uni.uhk.cz\/archeologie\/?page_id=30031"]}]},{"@type":"ImageObject","inLanguage":"cs","@id":"https:\/\/uni.uhk.cz\/archeologie\/?page_id=30031#primaryimage","url":"https:\/\/uni.uhk.cz\/archeologie\/wp-content\/uploads\/2024\/02\/edih.png","contentUrl":"https:\/\/uni.uhk.cz\/archeologie\/wp-content\/uploads\/2024\/02\/edih.png","width":692,"height":244},{"@type":"BreadcrumbList","@id":"https:\/\/uni.uhk.cz\/archeologie\/?page_id=30031#breadcrumb","itemListElement":[{"@type":"ListItem","position":1,"name":"Dom\u016f","item":"https:\/\/uni.uhk.cz\/archeologie\/"},{"@type":"ListItem","position":2,"name":"EDIH"}]},{"@type":"WebSite","@id":"https:\/\/uni.uhk.cz\/archeologie\/#website","url":"https:\/\/uni.uhk.cz\/archeologie\/","name":"Katedra archeologie FF UHK","description":"","potentialAction":[{"@type":"SearchAction","target":{"@type":"EntryPoint","urlTemplate":"https:\/\/uni.uhk.cz\/archeologie\/?s={search_term_string}"},"query-input":{"@type":"PropertyValueSpecification","valueRequired":true,"valueName":"search_term_string"}}],"inLanguage":"cs"}]}},"jetpack_sharing_enabled":true,"_links":{"self":[{"href":"https:\/\/uni.uhk.cz\/archeologie\/index.php?rest_route=\/wp\/v2\/pages\/30031","targetHints":{"allow":["GET"]}}],"collection":[{"href":"https:\/\/uni.uhk.cz\/archeologie\/index.php?rest_route=\/wp\/v2\/pages"}],"about":[{"href":"https:\/\/uni.uhk.cz\/archeologie\/index.php?rest_route=\/wp\/v2\/types\/page"}],"author":[{"embeddable":true,"href":"https:\/\/uni.uhk.cz\/archeologie\/index.php?rest_route=\/wp\/v2\/users\/3"}],"replies":[{"embeddable":true,"href":"https:\/\/uni.uhk.cz\/archeologie\/index.php?rest_route=%2Fwp%2Fv2%2Fcomments&post=30031"}],"version-history":[{"count":5,"href":"https:\/\/uni.uhk.cz\/archeologie\/index.php?rest_route=\/wp\/v2\/pages\/30031\/revisions"}],"predecessor-version":[{"id":30642,"href":"https:\/\/uni.uhk.cz\/archeologie\/index.php?rest_route=\/wp\/v2\/pages\/30031\/revisions\/30642"}],"wp:featuredmedia":[{"embeddable":true,"href":"https:\/\/uni.uhk.cz\/archeologie\/index.php?rest_route=\/wp\/v2\/media\/30032"}],"wp:attachment":[{"href":"https:\/\/uni.uhk.cz\/archeologie\/index.php?rest_route=%2Fwp%2Fv2%2Fmedia&parent=30031"}],"curies":[{"name":"wp","href":"https:\/\/api.w.org\/{rel}","templated":true}]}}