{"id":22272,"date":"2018-05-09T20:28:31","date_gmt":"2018-05-09T18:28:31","guid":{"rendered":"https:\/\/uni.uhk.cz\/archeologie\/?page_id=22272"},"modified":"2018-05-09T20:28:31","modified_gmt":"2018-05-09T18:28:31","slug":"o-katedre-archeologie-ff-uhk-2","status":"publish","type":"page","link":"https:\/\/uni.uhk.cz\/archeologie\/?page_id=22272","title":{"rendered":"O Kated\u0159e archeologie FF UHK"},"content":{"rendered":"<section class=\"padding-two-tb\"><div class=\"container\"><div class=\"row\"><div class=\"wpb_column hcode-column-container  col-xs-mobile-fullwidth\" data-front-class=\"col-xs-mobile-fullwidth front-column-class\"><div class=\"vc-column-innner-wrapper\"><p>Historie aktivit spojen\u00fdch s archeologi\u00ed na vysoko\u0161kolsk\u00e9 p\u016fd\u011b v Hradci Kr\u00e1lov\u00e9 je neodmysliteln\u011b spjata s osobnost\u00ed Radom\u00edra Tich\u00e9ho. Ten od roku 1993 nastoupil jako asistent pro d\u011bjiny prav\u011bku\u00a0 a\u00a0 starov\u011bku\u00a0 na\u00a0\u00a0 kated\u0159e\u00a0 historie\u00a0 PdF\u00a0 Vysok\u00e9\u00a0 \u0161koly pedagogick\u00e9\u00a0 v\u00a0 Hradci\u00a0 Kr\u00e1lov\u00e9\u00a0\u00a0 (pozd\u011bji\u00a0 \u00dastav\u00a0 historick\u00fdch\u00a0 v\u011bd Univerzity\u00a0 Hradec Kr\u00e1lov\u00e9).\u00a0 Zde\u00a0 v roce 1994 zalo\u017eil\u00a0 pro v\u00fdukov\u00e9\u00a0\u00a0 a\u00a0\u00a0 v\u00fdzkumn\u00e9\u00a0\u00a0\u00a0 \u00fa\u010dely\u00a0\u00a0 Prvn\u00ed\u00a0\u00a0 vysoko\u0161kolsk\u00e9 centrum experiment\u00e1ln\u00ed\u00a0\u00a0\u00a0 archeologie\u00a0\u00a0\u00a0 a\u00a0\u00a0\u00a0 Spole\u010dnost\u00a0\u00a0 experiment\u00e1ln\u00ed archeologie. V roce 1995 byla realizov\u00e1na dlouhodob\u011b p\u0159ipravovan\u00e1 (Baltsk\u00e9 mo\u0159e 1992, n\u00e1dr\u017e\u00a0 Rozko\u0161 1993-94) mezin\u00e1rodn\u00ed studentsk\u00e1 expedice Monoxylon\u00b495. V roce 1996\u00a0 se studenty d\u011bjepisu za\u010dal R. Tich\u00fd budovat Centrum experiment\u00e1ln\u00ed archeologie V\u0161estary, kter\u00e9 slou\u017e\u00ed dodnes v\u00fduce a popularizaci archeologie v\u00a0podob\u011b <a href=\"http:\/\/archeoparkvsestary.cz\/\">Archeoparku prav\u011bku V\u0161estary<\/a> (2013).\u00a0 Od roku 1996 za\u010dal \u00dastav historick\u00fdch\u00a0 v\u011bd pod veden\u00edm prof. Vladim\u00edra Wolfa realizovat svoje archeologick\u00e9\u00a0 letn\u00ed fakultn\u00ed\u00a0\u00a0 v\u00fdzkumy\u00a0 (1996\u00a0 kn\u00ed\u017eec\u00ed dvorec Vysok\u00e9\u00a0\u00a0 Chvojno,\u00a0 1999 hr\u00e1dek St\u00e1rkov, 2000\u00a0 dehta\u0159sk\u00e9 v\u00fdrobn\u00ed objekty Mostek, 2001 tvrz Mlad\u00e9 Buky).\u00a0 V roce 1998 byla\u00a0 realizov\u00e1na mezin\u00e1rodn\u00ed expedice Monoxylon II. -\u00a0 plavba na rekonstrukci dlaban\u00e9ho\u00a0 \u010dlunu z jezera Bracciano - pod\u00e9l\u00a0 pob\u0159e\u017e\u00ed\u00a0 z\u00e1padn\u00edho\u00a0 St\u0159edomo\u0159\u00ed.\u00a0 V roce\u00a0 2000 zalo\u017eil R. Tich\u00fd \u010dasopis Rekonstrukce a experiment v archeologii. Na jeho str\u00e1nk\u00e1ch byly publikov\u00e1ny v\u00fdsledky experiment\u00e1ln\u00ed archeologie (od roku 2005 <a href=\"https:\/\/uni.uhk.cz\/archeologie\/?page_id=20231\">\u017div\u00e1 archeologie<\/a>).<\/p>\n<p><img loading=\"lazy\" decoding=\"async\" class=\" wp-image-20307 aligncenter\" src=\"https:\/\/uni.uhk.cz\/archeologie\/wp-content\/uploads\/2018\/06\/borek-300x181.jpg\" alt=\"\" width=\"972\" height=\"586\" srcset=\"https:\/\/uni.uhk.cz\/archeologie\/wp-content\/uploads\/2018\/06\/borek-300x181.jpg 300w, https:\/\/uni.uhk.cz\/archeologie\/wp-content\/uploads\/2018\/06\/borek-600x361.jpg 600w, https:\/\/uni.uhk.cz\/archeologie\/wp-content\/uploads\/2018\/06\/borek-768x462.jpg 768w, https:\/\/uni.uhk.cz\/archeologie\/wp-content\/uploads\/2018\/06\/borek-81x49.jpg 81w, https:\/\/uni.uhk.cz\/archeologie\/wp-content\/uploads\/2018\/06\/borek.jpg 960w\" sizes=\"auto, (max-width: 972px) 100vw, 972px\" \/><\/p>\n<p>Od roku 2003 zalo\u017eil a vedl R. Tich\u00fd Archeologick\u00e9 centrum Pedagogick\u00e9 fakulty Univerzity Hradec Kr\u00e1lov\u00e9. V\u00a0roce 2004 toto nov\u00e9 podob\u011b pracovi\u0161t\u011b realizovalo archeologick\u00fd z\u00e1chrann\u00fd v\u00fdzkum lokality Ob\u011bdovice u Hradce Kr\u00e1lov\u00e9. V\u00a0letech 2005-2007, 2008-2009 pak z\u00e1chrann\u00fd archeologick\u00fd v\u00fdzkum v Tun\u011bchodech u\u00a0Chrudimi a\u00a0v\u00a0letech 2007-2009 z\u00e1chrann\u00fd archeologick\u00fd v\u00fdzkum v Ob\u011bdovic\u00edch u Hradce Kr\u00e1lov\u00e9. Tato etapa byla spojena s\u00a0prvn\u00edmi person\u00e1ln\u00edmi posilami. Od roku 2003 se za\u010dal na zpracov\u00e1n\u00ed archeologick\u00e9ho v\u00fdzkumu z\u00a0Mohelnice \u00fa\u010dastnit Richard Th\u00e9r, zat\u00edmco Hana Dohn\u00e1lkov\u00e1 a\u00a0Iva Dohn\u00e1lkov\u00e1 pozd\u011bji p\u0159e\u0161ly do Archeoparku prav\u011bku V\u0161estary. Pracovi\u0161t\u011b se d\u00edky uveden\u00fdm za\u010dalo profilovat jako m\u00edsto studia star\u00fdch technologi\u00ed s\u00a0podporou informa\u010dn\u00edch syst\u00e9m\u016f (R. Th\u00e9r).<\/p>\n<p>V\u00a0roce 2005 zalo\u017eil R. Tich\u00fd katedru praktick\u00e9 a\u00a0experiment\u00e1ln\u00ed archeologie na FHS Univerzity Hradec Kr\u00e1lov\u00e9 (dnes katedra archeologie Filozofick\u00e9 fakulty UHK). Akreditoval zde \u0159adu nov\u00fdch studijn\u00edch obor\u016f (2006 bc obor Po\u010d\u00edta\u010dov\u00e1 podpora v\u00a0archeologii, 2007 bc obor Archeologie, 2008 mgr obor Archeologie, 2009 doktorsk\u00e9 studium archeologie). To umo\u017enilo dal\u0161\u00ed person\u00e1ln\u00ed posily archeologick\u00fdch pracovn\u00edk\u016f, z\u00a0nich\u017e \u0159ada tvo\u0159\u00ed dne\u0161n\u00ed podobu katedry.<\/p>\n<\/div><\/div><\/div><\/div><\/section>","protected":false},"excerpt":{"rendered":"<p>Historie aktivit spojen\u00fdch s archeologi\u00ed na vysoko\u0161kolsk\u00e9 p\u016fd\u011b v Hradci Kr\u00e1lov\u00e9 je neodmysliteln\u011b spjata s osobnost\u00ed Radom\u00edra Tich\u00e9ho. Ten od roku 1993 nastoupil jako asistent pro d\u011bjiny prav\u011bku\u00a0 a\u00a0 starov\u011bku\u00a0 na\u00a0\u00a0 kated\u0159e\u00a0 historie\u00a0 PdF\u00a0 Vysok\u00e9\u00a0 \u0161koly pedagogick\u00e9\u00a0 v\u00a0 Hradci\u00a0 Kr\u00e1lov\u00e9\u00a0\u00a0 (pozd\u011bji\u00a0 \u00dastav\u00a0 historick\u00fdch\u00a0 v\u011bd Univerzity\u00a0 Hradec Kr\u00e1lov\u00e9).\u00a0 Zde\u00a0 v roce 1994 zalo\u017eil\u00a0 pro v\u00fdukov\u00e9\u00a0\u00a0 a\u00a0\u00a0 [&hellip;]<\/p>\n","protected":false},"author":3,"featured_media":20307,"parent":0,"menu_order":0,"comment_status":"closed","ping_status":"closed","template":"","meta":{"_exactmetrics_skip_tracking":false,"_exactmetrics_sitenote_active":false,"_exactmetrics_sitenote_note":"","_exactmetrics_sitenote_category":0,"footnotes":""},"class_list":["post-22272","page","type-page","status-publish","has-post-thumbnail","hentry"],"yoast_head":"<!-- This site is optimized with the Yoast SEO plugin v27.5 - https:\/\/yoast.com\/product\/yoast-seo-wordpress\/ -->\n<title>O Kated\u0159e archeologie FF UHK - Katedra archeologie<\/title>\n<meta name=\"robots\" content=\"index, follow, max-snippet:-1, max-image-preview:large, max-video-preview:-1\" \/>\n<link rel=\"canonical\" href=\"https:\/\/uni.uhk.cz\/archeologie\/?page_id=22272\" \/>\n<meta property=\"og:locale\" content=\"cs_CZ\" \/>\n<meta property=\"og:type\" content=\"article\" \/>\n<meta property=\"og:title\" content=\"O Kated\u0159e archeologie FF UHK - Katedra archeologie\" \/>\n<meta property=\"og:description\" content=\"Historie aktivit spojen\u00fdch s archeologi\u00ed na vysoko\u0161kolsk\u00e9 p\u016fd\u011b v Hradci Kr\u00e1lov\u00e9 je neodmysliteln\u011b spjata s osobnost\u00ed Radom\u00edra Tich\u00e9ho. Ten od roku 1993 nastoupil jako asistent pro d\u011bjiny prav\u011bku\u00a0 a\u00a0 starov\u011bku\u00a0 na\u00a0\u00a0 kated\u0159e\u00a0 historie\u00a0 PdF\u00a0 Vysok\u00e9\u00a0 \u0161koly pedagogick\u00e9\u00a0 v\u00a0 Hradci\u00a0 Kr\u00e1lov\u00e9\u00a0\u00a0 (pozd\u011bji\u00a0 \u00dastav\u00a0 historick\u00fdch\u00a0 v\u011bd Univerzity\u00a0 Hradec Kr\u00e1lov\u00e9).\u00a0 Zde\u00a0 v roce 1994 zalo\u017eil\u00a0 pro v\u00fdukov\u00e9\u00a0\u00a0 a\u00a0\u00a0 [&hellip;]\" \/>\n<meta property=\"og:url\" content=\"https:\/\/uni.uhk.cz\/archeologie\/?page_id=22272\" \/>\n<meta property=\"og:site_name\" content=\"Katedra archeologie\" \/>\n<meta property=\"og:image\" content=\"https:\/\/uni.uhk.cz\/archeologie\/wp-content\/uploads\/2018\/06\/borek.jpg\" \/>\n\t<meta property=\"og:image:width\" content=\"960\" \/>\n\t<meta property=\"og:image:height\" content=\"578\" \/>\n\t<meta property=\"og:image:type\" content=\"image\/jpeg\" \/>\n<meta name=\"twitter:card\" content=\"summary_large_image\" \/>\n<meta name=\"twitter:label1\" content=\"Odhadovan\u00e1 doba \u010dten\u00ed\" \/>\n\t<meta name=\"twitter:data1\" content=\"2 minuty\" \/>\n<script type=\"application\/ld+json\" class=\"yoast-schema-graph\">{\"@context\":\"https:\\\/\\\/schema.org\",\"@graph\":[{\"@type\":\"WebPage\",\"@id\":\"https:\\\/\\\/uni.uhk.cz\\\/archeologie\\\/?page_id=22272\",\"url\":\"https:\\\/\\\/uni.uhk.cz\\\/archeologie\\\/?page_id=22272\",\"name\":\"O Kated\u0159e archeologie FF UHK - Katedra archeologie\",\"isPartOf\":{\"@id\":\"https:\\\/\\\/uni.uhk.cz\\\/archeologie\\\/#website\"},\"primaryImageOfPage\":{\"@id\":\"https:\\\/\\\/uni.uhk.cz\\\/archeologie\\\/?page_id=22272#primaryimage\"},\"image\":{\"@id\":\"https:\\\/\\\/uni.uhk.cz\\\/archeologie\\\/?page_id=22272#primaryimage\"},\"thumbnailUrl\":\"https:\\\/\\\/uni.uhk.cz\\\/archeologie\\\/wp-content\\\/uploads\\\/2018\\\/06\\\/borek.jpg\",\"datePublished\":\"2018-05-09T18:28:31+00:00\",\"breadcrumb\":{\"@id\":\"https:\\\/\\\/uni.uhk.cz\\\/archeologie\\\/?page_id=22272#breadcrumb\"},\"inLanguage\":\"cs\",\"potentialAction\":[{\"@type\":\"ReadAction\",\"target\":[\"https:\\\/\\\/uni.uhk.cz\\\/archeologie\\\/?page_id=22272\"]}]},{\"@type\":\"ImageObject\",\"inLanguage\":\"cs\",\"@id\":\"https:\\\/\\\/uni.uhk.cz\\\/archeologie\\\/?page_id=22272#primaryimage\",\"url\":\"https:\\\/\\\/uni.uhk.cz\\\/archeologie\\\/wp-content\\\/uploads\\\/2018\\\/06\\\/borek.jpg\",\"contentUrl\":\"https:\\\/\\\/uni.uhk.cz\\\/archeologie\\\/wp-content\\\/uploads\\\/2018\\\/06\\\/borek.jpg\",\"width\":960,\"height\":578},{\"@type\":\"BreadcrumbList\",\"@id\":\"https:\\\/\\\/uni.uhk.cz\\\/archeologie\\\/?page_id=22272#breadcrumb\",\"itemListElement\":[{\"@type\":\"ListItem\",\"position\":1,\"name\":\"Dom\u016f\",\"item\":\"https:\\\/\\\/uni.uhk.cz\\\/archeologie\\\/\"},{\"@type\":\"ListItem\",\"position\":2,\"name\":\"O Kated\u0159e archeologie FF UHK\"}]},{\"@type\":\"WebSite\",\"@id\":\"https:\\\/\\\/uni.uhk.cz\\\/archeologie\\\/#website\",\"url\":\"https:\\\/\\\/uni.uhk.cz\\\/archeologie\\\/\",\"name\":\"Katedra archeologie FF UHK\",\"description\":\"\",\"potentialAction\":[{\"@type\":\"SearchAction\",\"target\":{\"@type\":\"EntryPoint\",\"urlTemplate\":\"https:\\\/\\\/uni.uhk.cz\\\/archeologie\\\/?s={search_term_string}\"},\"query-input\":{\"@type\":\"PropertyValueSpecification\",\"valueRequired\":true,\"valueName\":\"search_term_string\"}}],\"inLanguage\":\"cs\"}]}<\/script>\n<!-- \/ Yoast SEO plugin. -->","yoast_head_json":{"title":"O Kated\u0159e archeologie FF UHK - Katedra archeologie","robots":{"index":"index","follow":"follow","max-snippet":"max-snippet:-1","max-image-preview":"max-image-preview:large","max-video-preview":"max-video-preview:-1"},"canonical":"https:\/\/uni.uhk.cz\/archeologie\/?page_id=22272","og_locale":"cs_CZ","og_type":"article","og_title":"O Kated\u0159e archeologie FF UHK - Katedra archeologie","og_description":"Historie aktivit spojen\u00fdch s archeologi\u00ed na vysoko\u0161kolsk\u00e9 p\u016fd\u011b v Hradci Kr\u00e1lov\u00e9 je neodmysliteln\u011b spjata s osobnost\u00ed Radom\u00edra Tich\u00e9ho. Ten od roku 1993 nastoupil jako asistent pro d\u011bjiny prav\u011bku\u00a0 a\u00a0 starov\u011bku\u00a0 na\u00a0\u00a0 kated\u0159e\u00a0 historie\u00a0 PdF\u00a0 Vysok\u00e9\u00a0 \u0161koly pedagogick\u00e9\u00a0 v\u00a0 Hradci\u00a0 Kr\u00e1lov\u00e9\u00a0\u00a0 (pozd\u011bji\u00a0 \u00dastav\u00a0 historick\u00fdch\u00a0 v\u011bd Univerzity\u00a0 Hradec Kr\u00e1lov\u00e9).\u00a0 Zde\u00a0 v roce 1994 zalo\u017eil\u00a0 pro v\u00fdukov\u00e9\u00a0\u00a0 a\u00a0\u00a0 [&hellip;]","og_url":"https:\/\/uni.uhk.cz\/archeologie\/?page_id=22272","og_site_name":"Katedra archeologie","og_image":[{"width":960,"height":578,"url":"https:\/\/uni.uhk.cz\/archeologie\/wp-content\/uploads\/2018\/06\/borek.jpg","type":"image\/jpeg"}],"twitter_card":"summary_large_image","twitter_misc":{"Odhadovan\u00e1 doba \u010dten\u00ed":"2 minuty"},"schema":{"@context":"https:\/\/schema.org","@graph":[{"@type":"WebPage","@id":"https:\/\/uni.uhk.cz\/archeologie\/?page_id=22272","url":"https:\/\/uni.uhk.cz\/archeologie\/?page_id=22272","name":"O Kated\u0159e archeologie FF UHK - Katedra archeologie","isPartOf":{"@id":"https:\/\/uni.uhk.cz\/archeologie\/#website"},"primaryImageOfPage":{"@id":"https:\/\/uni.uhk.cz\/archeologie\/?page_id=22272#primaryimage"},"image":{"@id":"https:\/\/uni.uhk.cz\/archeologie\/?page_id=22272#primaryimage"},"thumbnailUrl":"https:\/\/uni.uhk.cz\/archeologie\/wp-content\/uploads\/2018\/06\/borek.jpg","datePublished":"2018-05-09T18:28:31+00:00","breadcrumb":{"@id":"https:\/\/uni.uhk.cz\/archeologie\/?page_id=22272#breadcrumb"},"inLanguage":"cs","potentialAction":[{"@type":"ReadAction","target":["https:\/\/uni.uhk.cz\/archeologie\/?page_id=22272"]}]},{"@type":"ImageObject","inLanguage":"cs","@id":"https:\/\/uni.uhk.cz\/archeologie\/?page_id=22272#primaryimage","url":"https:\/\/uni.uhk.cz\/archeologie\/wp-content\/uploads\/2018\/06\/borek.jpg","contentUrl":"https:\/\/uni.uhk.cz\/archeologie\/wp-content\/uploads\/2018\/06\/borek.jpg","width":960,"height":578},{"@type":"BreadcrumbList","@id":"https:\/\/uni.uhk.cz\/archeologie\/?page_id=22272#breadcrumb","itemListElement":[{"@type":"ListItem","position":1,"name":"Dom\u016f","item":"https:\/\/uni.uhk.cz\/archeologie\/"},{"@type":"ListItem","position":2,"name":"O Kated\u0159e archeologie FF UHK"}]},{"@type":"WebSite","@id":"https:\/\/uni.uhk.cz\/archeologie\/#website","url":"https:\/\/uni.uhk.cz\/archeologie\/","name":"Katedra archeologie FF UHK","description":"","potentialAction":[{"@type":"SearchAction","target":{"@type":"EntryPoint","urlTemplate":"https:\/\/uni.uhk.cz\/archeologie\/?s={search_term_string}"},"query-input":{"@type":"PropertyValueSpecification","valueRequired":true,"valueName":"search_term_string"}}],"inLanguage":"cs"}]}},"jetpack_sharing_enabled":true,"_links":{"self":[{"href":"https:\/\/uni.uhk.cz\/archeologie\/index.php?rest_route=\/wp\/v2\/pages\/22272","targetHints":{"allow":["GET"]}}],"collection":[{"href":"https:\/\/uni.uhk.cz\/archeologie\/index.php?rest_route=\/wp\/v2\/pages"}],"about":[{"href":"https:\/\/uni.uhk.cz\/archeologie\/index.php?rest_route=\/wp\/v2\/types\/page"}],"author":[{"embeddable":true,"href":"https:\/\/uni.uhk.cz\/archeologie\/index.php?rest_route=\/wp\/v2\/users\/3"}],"replies":[{"embeddable":true,"href":"https:\/\/uni.uhk.cz\/archeologie\/index.php?rest_route=%2Fwp%2Fv2%2Fcomments&post=22272"}],"version-history":[{"count":0,"href":"https:\/\/uni.uhk.cz\/archeologie\/index.php?rest_route=\/wp\/v2\/pages\/22272\/revisions"}],"wp:featuredmedia":[{"embeddable":true,"href":"https:\/\/uni.uhk.cz\/archeologie\/index.php?rest_route=\/wp\/v2\/media\/20307"}],"wp:attachment":[{"href":"https:\/\/uni.uhk.cz\/archeologie\/index.php?rest_route=%2Fwp%2Fv2%2Fmedia&parent=22272"}],"curies":[{"name":"wp","href":"https:\/\/api.w.org\/{rel}","templated":true}]}}