{"id":22265,"date":"2018-05-09T10:38:53","date_gmt":"2018-05-09T08:38:53","guid":{"rendered":"https:\/\/uni.uhk.cz\/archeologie\/?page_id=22265"},"modified":"2020-01-08T22:24:01","modified_gmt":"2020-01-08T20:24:01","slug":"studium-2","status":"publish","type":"page","link":"https:\/\/uni.uhk.cz\/archeologie\/?page_id=22265&lang=en","title":{"rendered":"Study programs"},"content":{"rendered":"<section class=\"padding-two-tb\"><div class=\"container\"><div class=\"row\"><div class=\"wpb_column hcode-column-container  col-xs-mobile-fullwidth\" data-front-class=\"col-xs-mobile-fullwidth front-column-class\"><div class=\"vc-column-innner-wrapper\"><div class=\"padding-two-tb\"><blockquote><p>The Department of Archaeology has been a stable part of the structure of the Philosophical Faculty\u00a0 of the University of Hradec Kr\u00e1lov\u00e9 (FF UHK) since the time of its establishment. It provides instruction in accredited study programmes - Bachelor's, Master's and PhD degrees in Archaeology.<\/p><\/blockquote>\n<\/div><\/div><\/div><div class=\"wpb_column hcode-column-container no-padding  col-xs-mobile-fullwidth\" data-front-class=\"no-padding col-xs-mobile-fullwidth front-column-class\"><div class=\"vc-column-innner-wrapper\"><div class=\"tab-style4\"><div class=\"row\"><div class=\"tabs-left col-md-12 col-sm-12\"><ul class=\"nav nav-tabs nav-tabs-light\"><li  class=\"active\"><a href=\"#hcode-1778769727-787675932-0\" data-toggle=\"tab\" class=\"\">BACHELOR<\/a><\/li><li ><a href=\"#hcode-1778769727-787675932-1\" data-toggle=\"tab\" class=\"\">Master<\/a><\/li><li ><a href=\"#hcode-1778769727-787675932-2\" data-toggle=\"tab\" class=\"\">Ph.D.<\/a><\/li><\/ul><div class=\"tab-content position-relative overflow-hidden\"><div class=\"tab-pane fade in active\" id=\"hcode-1778769727-787675932-0\"><p>The aim of the study programme is to allow the students graduating at the Bachelor's level to make a qualified choice between further study and practical work experience. The study programme reflects the contemporary conditions and possibilities of archaeological practice, starting with archaeological prospection and excavation and ending up with the presentation of the archaeological heritage to the public. It also takes into account the social context of an archaeologist's scope of work. At present, archaeologists are often involved in practical excavations caused by construction activities and often face situations when they have to quickly evaluate the available information in\u00a0 order to choose a methodically acceptable method for rescuing archaeological monuments. That is why the proposed study programme aims at acquiring the knowledge and skills necessary for outlining and implementing an adequate excavation strategy under the given legal and financial framework. Attention is also paid to the processing of excavation results and their subsequent sharing with both the professional and lay public which sort of tops the archaeologist's effort. It results from this that the graduate is not only an expert trained in fieldwork but he also has to know relevant facts in order to be able to assess available archaeological sources.<\/p>\n<\/div><div class=\"tab-pane fade\" id=\"hcode-1778769727-787675932-1\"><p>The Master's degree in the field of Archaeology is a two-year follow-up programme which is intended for holders of a Bachelor's degree in Archaeology or related historical disciplines. The graduates of the Master's programme in Archaeology are trained as experts in archaeological fieldwork and its organisation. They become familiar with all relevant facts needed for the evaluation of available archaeological sources and the degree of their transformation. They learn how to choose an adequate strategy for an archaeological excavation and how to organize its course. They are introduced to the knowledge of particular archaeological evidence in broader contexts of historical processes. In contrast to the Bachelor's degree, teaching about the source base is extended with the European context. An unneglectable role here is also played by instruction about the principles of theoretical assessment and interpretation of material sources leading to the cognition of the nature and development of past societies, supported by broader professional contexts inspired by cultural and social anthropology, ethnography, archaeological experiments and history. The graduate of the Master's programme is prepared to manage museum collections, lead field excavations, and to carry out scholarly work in various archaeological institutions.<\/p>\n<\/div><div class=\"tab-pane fade\" id=\"hcode-1778769727-787675932-2\"><p>The goal of the doctoral programme in Archaeology is to prepare highly qualified experts in central European archaeology who will be able to independently tackle the scientific, methodological and practical aspects of archaeological work. The doctoral programme aims to contribute to the improvement in the qualification structure of work teams in university departments and institutions and, at the same time, it offers possibilities for further career development to experienced and qualified archaeologists.<\/p>\n<\/div><\/div><\/div><\/div><\/div><\/div><\/div><div class=\"wpb_column hcode-column-container no-padding no-margin vc_col-sm-12 col-xs-mobile-fullwidth\" data-front-class=\"no-padding no-margin col-xs-mobile-fullwidth\"><div class=\"vc-column-innner-wrapper\"><\/div><\/div><\/div><\/div><\/section>","protected":false},"excerpt":{"rendered":"<p>The Department of Archaeology has been a stable part of the structure of the Philosophical Faculty\u00a0 of the University of Hradec Kr\u00e1lov\u00e9 (FF UHK) since the time of its establishment. It provides instruction in accredited study programmes &#8211; Bachelor&#8217;s, Master&#8217;s and PhD degrees in Archaeology. BACHELORMasterPh.D.The aim of the study programme is to allow the [&hellip;]<\/p>\n","protected":false},"author":3,"featured_media":0,"parent":0,"menu_order":0,"comment_status":"closed","ping_status":"closed","template":"","meta":{"_exactmetrics_skip_tracking":false,"_exactmetrics_sitenote_active":false,"_exactmetrics_sitenote_note":"","_exactmetrics_sitenote_category":0,"footnotes":""},"class_list":["post-22265","page","type-page","status-publish","hentry"],"yoast_head":"<!-- This site is optimized with the Yoast SEO plugin v27.5 - https:\/\/yoast.com\/product\/yoast-seo-wordpress\/ -->\n<title>Study programs - Katedra archeologie<\/title>\n<meta name=\"robots\" content=\"index, follow, max-snippet:-1, max-image-preview:large, max-video-preview:-1\" \/>\n<link rel=\"canonical\" href=\"https:\/\/uni.uhk.cz\/archeologie\/?page_id=22265&lang=en\" \/>\n<meta property=\"og:locale\" content=\"cs_CZ\" \/>\n<meta property=\"og:type\" content=\"article\" \/>\n<meta property=\"og:title\" content=\"Study programs - Katedra archeologie\" \/>\n<meta property=\"og:description\" content=\"The Department of Archaeology has been a stable part of the structure of the Philosophical Faculty\u00a0 of the University of Hradec Kr\u00e1lov\u00e9 (FF UHK) since the time of its establishment. It provides instruction in accredited study programmes - Bachelor&#039;s, Master&#039;s and PhD degrees in Archaeology. BACHELORMasterPh.D.The aim of the study programme is to allow the [&hellip;]\" \/>\n<meta property=\"og:url\" content=\"https:\/\/uni.uhk.cz\/archeologie\/?page_id=22265&amp;lang=en\" \/>\n<meta property=\"og:site_name\" content=\"Katedra archeologie\" \/>\n<meta property=\"article:modified_time\" content=\"2020-01-08T20:24:01+00:00\" \/>\n<meta name=\"twitter:card\" content=\"summary_large_image\" \/>\n<meta name=\"twitter:label1\" content=\"Odhadovan\u00e1 doba \u010dten\u00ed\" \/>\n\t<meta name=\"twitter:data1\" content=\"3 minuty\" \/>\n<script type=\"application\/ld+json\" class=\"yoast-schema-graph\">{\"@context\":\"https:\\\/\\\/schema.org\",\"@graph\":[{\"@type\":\"WebPage\",\"@id\":\"https:\\\/\\\/uni.uhk.cz\\\/archeologie\\\/?page_id=22265&lang=en\",\"url\":\"https:\\\/\\\/uni.uhk.cz\\\/archeologie\\\/?page_id=22265&lang=en\",\"name\":\"Study programs - Katedra archeologie\",\"isPartOf\":{\"@id\":\"https:\\\/\\\/uni.uhk.cz\\\/archeologie\\\/#website\"},\"datePublished\":\"2018-05-09T08:38:53+00:00\",\"dateModified\":\"2020-01-08T20:24:01+00:00\",\"breadcrumb\":{\"@id\":\"https:\\\/\\\/uni.uhk.cz\\\/archeologie\\\/?page_id=22265&lang=en#breadcrumb\"},\"inLanguage\":\"cs\",\"potentialAction\":[{\"@type\":\"ReadAction\",\"target\":[\"https:\\\/\\\/uni.uhk.cz\\\/archeologie\\\/?page_id=22265&lang=en\"]}]},{\"@type\":\"BreadcrumbList\",\"@id\":\"https:\\\/\\\/uni.uhk.cz\\\/archeologie\\\/?page_id=22265&lang=en#breadcrumb\",\"itemListElement\":[{\"@type\":\"ListItem\",\"position\":1,\"name\":\"Dom\u016f\",\"item\":\"https:\\\/\\\/uni.uhk.cz\\\/archeologie\\\/\"},{\"@type\":\"ListItem\",\"position\":2,\"name\":\"Study programs\"}]},{\"@type\":\"WebSite\",\"@id\":\"https:\\\/\\\/uni.uhk.cz\\\/archeologie\\\/#website\",\"url\":\"https:\\\/\\\/uni.uhk.cz\\\/archeologie\\\/\",\"name\":\"Katedra archeologie FF UHK\",\"description\":\"\",\"potentialAction\":[{\"@type\":\"SearchAction\",\"target\":{\"@type\":\"EntryPoint\",\"urlTemplate\":\"https:\\\/\\\/uni.uhk.cz\\\/archeologie\\\/?s={search_term_string}\"},\"query-input\":{\"@type\":\"PropertyValueSpecification\",\"valueRequired\":true,\"valueName\":\"search_term_string\"}}],\"inLanguage\":\"cs\"}]}<\/script>\n<!-- \/ Yoast SEO plugin. -->","yoast_head_json":{"title":"Study programs - Katedra archeologie","robots":{"index":"index","follow":"follow","max-snippet":"max-snippet:-1","max-image-preview":"max-image-preview:large","max-video-preview":"max-video-preview:-1"},"canonical":"https:\/\/uni.uhk.cz\/archeologie\/?page_id=22265&lang=en","og_locale":"cs_CZ","og_type":"article","og_title":"Study programs - Katedra archeologie","og_description":"The Department of Archaeology has been a stable part of the structure of the Philosophical Faculty\u00a0 of the University of Hradec Kr\u00e1lov\u00e9 (FF UHK) since the time of its establishment. It provides instruction in accredited study programmes - Bachelor's, Master's and PhD degrees in Archaeology. BACHELORMasterPh.D.The aim of the study programme is to allow the [&hellip;]","og_url":"https:\/\/uni.uhk.cz\/archeologie\/?page_id=22265&lang=en","og_site_name":"Katedra archeologie","article_modified_time":"2020-01-08T20:24:01+00:00","twitter_card":"summary_large_image","twitter_misc":{"Odhadovan\u00e1 doba \u010dten\u00ed":"3 minuty"},"schema":{"@context":"https:\/\/schema.org","@graph":[{"@type":"WebPage","@id":"https:\/\/uni.uhk.cz\/archeologie\/?page_id=22265&lang=en","url":"https:\/\/uni.uhk.cz\/archeologie\/?page_id=22265&lang=en","name":"Study programs - Katedra archeologie","isPartOf":{"@id":"https:\/\/uni.uhk.cz\/archeologie\/#website"},"datePublished":"2018-05-09T08:38:53+00:00","dateModified":"2020-01-08T20:24:01+00:00","breadcrumb":{"@id":"https:\/\/uni.uhk.cz\/archeologie\/?page_id=22265&lang=en#breadcrumb"},"inLanguage":"cs","potentialAction":[{"@type":"ReadAction","target":["https:\/\/uni.uhk.cz\/archeologie\/?page_id=22265&lang=en"]}]},{"@type":"BreadcrumbList","@id":"https:\/\/uni.uhk.cz\/archeologie\/?page_id=22265&lang=en#breadcrumb","itemListElement":[{"@type":"ListItem","position":1,"name":"Dom\u016f","item":"https:\/\/uni.uhk.cz\/archeologie\/"},{"@type":"ListItem","position":2,"name":"Study programs"}]},{"@type":"WebSite","@id":"https:\/\/uni.uhk.cz\/archeologie\/#website","url":"https:\/\/uni.uhk.cz\/archeologie\/","name":"Katedra archeologie FF UHK","description":"","potentialAction":[{"@type":"SearchAction","target":{"@type":"EntryPoint","urlTemplate":"https:\/\/uni.uhk.cz\/archeologie\/?s={search_term_string}"},"query-input":{"@type":"PropertyValueSpecification","valueRequired":true,"valueName":"search_term_string"}}],"inLanguage":"cs"}]}},"jetpack_sharing_enabled":true,"_links":{"self":[{"href":"https:\/\/uni.uhk.cz\/archeologie\/index.php?rest_route=\/wp\/v2\/pages\/22265","targetHints":{"allow":["GET"]}}],"collection":[{"href":"https:\/\/uni.uhk.cz\/archeologie\/index.php?rest_route=\/wp\/v2\/pages"}],"about":[{"href":"https:\/\/uni.uhk.cz\/archeologie\/index.php?rest_route=\/wp\/v2\/types\/page"}],"author":[{"embeddable":true,"href":"https:\/\/uni.uhk.cz\/archeologie\/index.php?rest_route=\/wp\/v2\/users\/3"}],"replies":[{"embeddable":true,"href":"https:\/\/uni.uhk.cz\/archeologie\/index.php?rest_route=%2Fwp%2Fv2%2Fcomments&post=22265"}],"version-history":[{"count":5,"href":"https:\/\/uni.uhk.cz\/archeologie\/index.php?rest_route=\/wp\/v2\/pages\/22265\/revisions"}],"predecessor-version":[{"id":25289,"href":"https:\/\/uni.uhk.cz\/archeologie\/index.php?rest_route=\/wp\/v2\/pages\/22265\/revisions\/25289"}],"wp:attachment":[{"href":"https:\/\/uni.uhk.cz\/archeologie\/index.php?rest_route=%2Fwp%2Fv2%2Fmedia&parent=22265"}],"curies":[{"name":"wp","href":"https:\/\/api.w.org\/{rel}","templated":true}]}}