{"id":20634,"date":"2019-02-08T15:03:24","date_gmt":"2019-02-08T13:03:24","guid":{"rendered":"https:\/\/uni.uhk.cz\/archeologie\/?page_id=20634"},"modified":"2019-02-18T14:47:01","modified_gmt":"2019-02-18T12:47:01","slug":"zahranicni-staze-a-pobyty","status":"publish","type":"page","link":"https:\/\/uni.uhk.cz\/archeologie\/?page_id=20634","title":{"rendered":"Zahrani\u010dn\u00ed st\u00e1\u017ee a pobyty"},"content":{"rendered":"&nbsp;\r\n\r\n<em><strong>Nab\u00eddka zahrani\u010dn\u00edch st\u00e1\u017e\u00ed a pobyt\u016f pro letn\u00ed semestr 2019<\/strong><\/em>\r\n\r\n<strong>ERASMUS st\u00e1\u017ee<\/strong>\r\n\r\n<strong>St\u00e1\u017e ve Slovinsku<\/strong>\r\n\r\n<img loading=\"lazy\" decoding=\"async\" class=\"wp-image-20642 alignnone\" src=\"https:\/\/uni.uhk.cz\/archeologie\/wp-content\/uploads\/2019\/02\/navis.jpg\" alt=\"\" width=\"476\" height=\"317\" srcset=\"https:\/\/uni.uhk.cz\/archeologie\/wp-content\/uploads\/2019\/02\/navis.jpg 1920w, https:\/\/uni.uhk.cz\/archeologie\/wp-content\/uploads\/2019\/02\/navis-600x400.jpg 600w, https:\/\/uni.uhk.cz\/archeologie\/wp-content\/uploads\/2019\/02\/navis-300x200.jpg 300w, https:\/\/uni.uhk.cz\/archeologie\/wp-content\/uploads\/2019\/02\/navis-768x512.jpg 768w, https:\/\/uni.uhk.cz\/archeologie\/wp-content\/uploads\/2019\/02\/navis-1024x683.jpg 1024w, https:\/\/uni.uhk.cz\/archeologie\/wp-content\/uploads\/2019\/02\/navis-81x54.jpg 81w\" sizes=\"auto, (max-width: 476px) 100vw, 476px\" \/>\r\n\r\nSt\u00e1\u017e bude prob\u00edhat v\u00a0r\u00e1mci archeologick\u00e9 spole\u010dnosti skupina STIK. St\u00e1\u017e je mo\u017en\u00e9 realizovat\u00a0<strong>od \u010dervna do srpna 2019<\/strong>. V\u00a0r\u00e1mci tohoto intervalu je mo\u017en\u00e9 si libovoln\u011b vybrat, av\u0161ak st\u00e1\u017e mus\u00ed b\u00fdt minim\u00e1ln\u011b v\u00a0rozsahu 61 kalend\u00e1\u0159n\u00edch dn\u00ed.\r\n\r\n<strong>Aktivity, kter\u00fdch se budete moci z\u00fa\u010dastnit v r\u00e1mci \u010dinnosti skupiny STIK:<\/strong>\r\n\r\n<strong>Archeologick\u00e9 v\u00fdzkumy \u0159\u00edmsk\u00fdch pam\u00e1tek <\/strong>\r\n\r\nOd dubna a\u017e do l\u00e9ta bude pokra\u010dovat v\u00fdzkum <strong>\u0159\u00edmsk\u00e9ho m\u011bsta Emona\u00a0<\/strong>(Lubla\u0148) a jeho p\u0159edm\u011bst\u00ed ze 4. stolet\u00ed ve spolupr\u00e1ci s\u00a0m\u011bstsk\u00fdm muzeem, Katedrou archeologie LU a Archeologick\u00fdm \u00fastavem. T\u00e9\u017e bude prob\u00edhat v\u00fdzkum v\u00a0centru <strong>Ptuje (\u0159\u00edmsk\u00e9 m\u011bsto Poetovia). <\/strong>\r\n\r\nPl\u00e1novan\u00e9 jsou archeologick\u00e9 aktivity pod vodou \u2013 pot\u00e1p\u011b\u010dsk\u00e9 pr\u016fzkumy na \u0159ece Lubla\u0148ce a dal\u0161\u00edch \u0159ek\u00e1ch a jezerech\r\n\r\n<strong>Projekt Navis 2019<\/strong>\r\n\r\nV\u00a0tomto roce bude projekt zam\u011b\u0159en na prezentaci historick\u00fdch plavidel, kter\u00e1 kdysi plula po \u0159ece Lubla\u0148ce. Projekt za\u010dal v\u00a0roce 2016 a v\u00a0tomto roce bude propojen s\u00a0mezin\u00e1rodn\u00ed regatou monoxyl\u016f \u2013 z\u00e1vody replik prav\u011bk\u00fdch (neolitick\u00fdch) \u010dlun\u016f ze st\u00e1t\u016f v\u00a0okol\u00ed Alp. Na projektu spolupracuje Katedra archeologie Lubla\u0148sk\u00e9 univerzity, M\u011bstsk\u00e9 muzeum a dal\u0161\u00ed instituce. Stavba \u010dlun\u016f bude prob\u00edhat bl\u00edzko centra Lublan\u011b, na n\u00e1b\u0159e\u017e\u00ed \u0159eky Lubla\u0148ky. Sou\u010d\u00e1st\u00ed projektu je t\u00e9\u017e plavba na \u010dlunech z\u00a0p\u0159edch\u00e1zej\u00edc\u00edch let projektu na \u0159ece Lubla\u0148ce.\r\n\r\n&nbsp;\r\n\r\n<strong>St\u00e1\u017e na Slovensku<\/strong>\r\n\r\n<img loading=\"lazy\" decoding=\"async\" class=\"alignnone wp-image-20643\" src=\"https:\/\/uni.uhk.cz\/archeologie\/wp-content\/uploads\/2019\/02\/pusty-hrad.jpg\" alt=\"\" width=\"584\" height=\"294\" srcset=\"https:\/\/uni.uhk.cz\/archeologie\/wp-content\/uploads\/2019\/02\/pusty-hrad.jpg 800w, https:\/\/uni.uhk.cz\/archeologie\/wp-content\/uploads\/2019\/02\/pusty-hrad-600x302.jpg 600w, https:\/\/uni.uhk.cz\/archeologie\/wp-content\/uploads\/2019\/02\/pusty-hrad-300x151.jpg 300w, https:\/\/uni.uhk.cz\/archeologie\/wp-content\/uploads\/2019\/02\/pusty-hrad-768x387.jpg 768w, https:\/\/uni.uhk.cz\/archeologie\/wp-content\/uploads\/2019\/02\/pusty-hrad-81x41.jpg 81w\" sizes=\"auto, (max-width: 584px) 100vw, 584px\" \/>\r\n\r\nSt\u00e1\u017e bude prob\u00edhat v\u00a0r\u00e1mci Katedry archeologie FF UKF v Nit\u0159e:\u00a0 St\u00e1\u017e je mo\u017en\u00e9 realizovat\u00a0<strong>od 24. \u010dervna do konce srpna 2019<\/strong>. V\u00a0r\u00e1mci tohoto intervalu je mo\u017en\u00e9 si libovoln\u011b vybrat, av\u0161ak st\u00e1\u017e mus\u00ed b\u00fdt minim\u00e1ln\u011b v\u00a0rozsahu 61 kalend\u00e1\u0159n\u00edch dn\u00ed.\r\n\r\nOsovou aktivitou st\u00e1\u017ee je v\u00fdzkum v\u00a0lokalit\u011b Pust\u00fd hrad u Zvolena v\u00a0r\u00e1mci letn\u00ed \u0161koly archeologie.\r\n\r\n<strong>Na zahrani\u010dn\u00edch st\u00e1\u017e\u00edch je mo\u017en\u00e9 si splnit n\u011bkterou z\u00a0povinn\u00fdch ter\u00e9nn\u00edch prax\u00ed.<\/strong>\r\n\r\n&nbsp;\r\n\r\n<strong>ERASMUS pobyty<\/strong>\r\n\r\nBl\u00ed\u017e\u00ed se t\u00e9\u017e term\u00edn pod\u00e1n\u00ed p\u0159ihl\u00e1\u0161ek na studijn\u00ed pobyty \u2013\u00a0<strong>20. b\u0159ezna 2019<\/strong>. Bli\u017e\u0161\u00ed informace najdete na <a href=\"https:\/\/www.uhk.cz\/cs-CZ\/FF\/Veda-a-zahranicni-styky\/Zahranicni-styky#UHK-Article\">str\u00e1nce Odd\u011blen\u00ed pro zahrani\u010dn\u00ed styky<\/a>.\r\n\r\n<em>Dokumenty ke studijn\u00edm pobyt\u016fm:<\/em>\r\n\r\n<a href=\"https:\/\/uni.uhk.cz\/archeologie\/wp-content\/uploads\/2019\/02\/V\u0158-I_.pdf\">Vyhl\u00e1\u0161en\u00ed 1. kola v\u00fdb\u011brov\u00e9ho \u0159\u00edzen\u00ed<\/a>\r\n\r\n<a href=\"https:\/\/uni.uhk.cz\/archeologie\/wp-content\/uploads\/2019\/02\/KARCH-pobyty.pdf\">Seznam univerzit, na kter\u00e9 mohou vyjet studenti archeologie<\/a>\r\n\r\n<a href=\"https:\/\/uni.uhk.cz\/archeologie\/wp-content\/uploads\/2019\/02\/Stipendia-2019_2020.pdf\">V\u00fd\u0161e stipendi\u00ed pro jednotliv\u00e9 zem\u011b (2019-20)<\/a>","protected":false},"excerpt":{"rendered":"<p>&nbsp; Nab\u00eddka zahrani\u010dn\u00edch st\u00e1\u017e\u00ed a pobyt\u016f pro letn\u00ed semestr 2019 ERASMUS st\u00e1\u017ee St\u00e1\u017e ve Slovinsku St\u00e1\u017e bude prob\u00edhat v\u00a0r\u00e1mci archeologick\u00e9 spole\u010dnosti skupina STIK. St\u00e1\u017e je mo\u017en\u00e9 realizovat\u00a0od \u010dervna do srpna 2019. V\u00a0r\u00e1mci tohoto intervalu je mo\u017en\u00e9 si libovoln\u011b vybrat, av\u0161ak st\u00e1\u017e mus\u00ed b\u00fdt minim\u00e1ln\u011b v\u00a0rozsahu 61 kalend\u00e1\u0159n\u00edch dn\u00ed. Aktivity, kter\u00fdch se budete moci z\u00fa\u010dastnit v [&hellip;]<\/p>\n","protected":false},"author":3,"featured_media":0,"parent":0,"menu_order":0,"comment_status":"closed","ping_status":"closed","template":"","meta":{"_exactmetrics_skip_tracking":false,"_exactmetrics_sitenote_active":false,"_exactmetrics_sitenote_note":"","_exactmetrics_sitenote_category":0,"footnotes":""},"class_list":["post-20634","page","type-page","status-publish","hentry"],"yoast_head":"<!-- This site is optimized with the Yoast SEO plugin v27.2 - https:\/\/yoast.com\/product\/yoast-seo-wordpress\/ -->\n<title>Zahrani\u010dn\u00ed st\u00e1\u017ee a pobyty - Katedra archeologie<\/title>\n<meta name=\"robots\" content=\"index, follow, max-snippet:-1, max-image-preview:large, max-video-preview:-1\" \/>\n<link rel=\"canonical\" href=\"https:\/\/uni.uhk.cz\/archeologie\/?page_id=20634\" \/>\n<meta property=\"og:locale\" content=\"cs_CZ\" \/>\n<meta property=\"og:type\" content=\"article\" \/>\n<meta property=\"og:title\" content=\"Zahrani\u010dn\u00ed st\u00e1\u017ee a pobyty - Katedra archeologie\" \/>\n<meta property=\"og:description\" content=\"&nbsp; Nab\u00eddka zahrani\u010dn\u00edch st\u00e1\u017e\u00ed a pobyt\u016f pro letn\u00ed semestr 2019 ERASMUS st\u00e1\u017ee St\u00e1\u017e ve Slovinsku St\u00e1\u017e bude prob\u00edhat v\u00a0r\u00e1mci archeologick\u00e9 spole\u010dnosti skupina STIK. St\u00e1\u017e je mo\u017en\u00e9 realizovat\u00a0od \u010dervna do srpna 2019. V\u00a0r\u00e1mci tohoto intervalu je mo\u017en\u00e9 si libovoln\u011b vybrat, av\u0161ak st\u00e1\u017e mus\u00ed b\u00fdt minim\u00e1ln\u011b v\u00a0rozsahu 61 kalend\u00e1\u0159n\u00edch dn\u00ed. Aktivity, kter\u00fdch se budete moci z\u00fa\u010dastnit v [&hellip;]\" \/>\n<meta property=\"og:url\" content=\"https:\/\/uni.uhk.cz\/archeologie\/?page_id=20634\" \/>\n<meta property=\"og:site_name\" content=\"Katedra archeologie\" \/>\n<meta property=\"article:modified_time\" content=\"2019-02-18T12:47:01+00:00\" \/>\n<meta property=\"og:image\" content=\"https:\/\/uni.uhk.cz\/archeologie\/wp-content\/uploads\/2019\/02\/navis.jpg\" \/>\n<meta name=\"twitter:card\" content=\"summary_large_image\" \/>\n<meta name=\"twitter:label1\" content=\"Odhadovan\u00e1 doba \u010dten\u00ed\" \/>\n\t<meta name=\"twitter:data1\" content=\"2 minuty\" \/>\n<script type=\"application\/ld+json\" class=\"yoast-schema-graph\">{\"@context\":\"https:\/\/schema.org\",\"@graph\":[{\"@type\":\"WebPage\",\"@id\":\"https:\/\/uni.uhk.cz\/archeologie\/?page_id=20634\",\"url\":\"https:\/\/uni.uhk.cz\/archeologie\/?page_id=20634\",\"name\":\"Zahrani\u010dn\u00ed st\u00e1\u017ee a pobyty - Katedra archeologie\",\"isPartOf\":{\"@id\":\"https:\/\/uni.uhk.cz\/archeologie\/#website\"},\"primaryImageOfPage\":{\"@id\":\"https:\/\/uni.uhk.cz\/archeologie\/?page_id=20634#primaryimage\"},\"image\":{\"@id\":\"https:\/\/uni.uhk.cz\/archeologie\/?page_id=20634#primaryimage\"},\"thumbnailUrl\":\"https:\/\/uni.uhk.cz\/archeologie\/wp-content\/uploads\/2019\/02\/navis.jpg\",\"datePublished\":\"2019-02-08T13:03:24+00:00\",\"dateModified\":\"2019-02-18T12:47:01+00:00\",\"breadcrumb\":{\"@id\":\"https:\/\/uni.uhk.cz\/archeologie\/?page_id=20634#breadcrumb\"},\"inLanguage\":\"cs\",\"potentialAction\":[{\"@type\":\"ReadAction\",\"target\":[\"https:\/\/uni.uhk.cz\/archeologie\/?page_id=20634\"]}]},{\"@type\":\"ImageObject\",\"inLanguage\":\"cs\",\"@id\":\"https:\/\/uni.uhk.cz\/archeologie\/?page_id=20634#primaryimage\",\"url\":\"https:\/\/uni.uhk.cz\/archeologie\/wp-content\/uploads\/2019\/02\/navis.jpg\",\"contentUrl\":\"https:\/\/uni.uhk.cz\/archeologie\/wp-content\/uploads\/2019\/02\/navis.jpg\",\"width\":1920,\"height\":1281},{\"@type\":\"BreadcrumbList\",\"@id\":\"https:\/\/uni.uhk.cz\/archeologie\/?page_id=20634#breadcrumb\",\"itemListElement\":[{\"@type\":\"ListItem\",\"position\":1,\"name\":\"Dom\u016f\",\"item\":\"https:\/\/uni.uhk.cz\/archeologie\/\"},{\"@type\":\"ListItem\",\"position\":2,\"name\":\"Zahrani\u010dn\u00ed st\u00e1\u017ee a pobyty\"}]},{\"@type\":\"WebSite\",\"@id\":\"https:\/\/uni.uhk.cz\/archeologie\/#website\",\"url\":\"https:\/\/uni.uhk.cz\/archeologie\/\",\"name\":\"Katedra archeologie FF UHK\",\"description\":\"\",\"potentialAction\":[{\"@type\":\"SearchAction\",\"target\":{\"@type\":\"EntryPoint\",\"urlTemplate\":\"https:\/\/uni.uhk.cz\/archeologie\/?s={search_term_string}\"},\"query-input\":{\"@type\":\"PropertyValueSpecification\",\"valueRequired\":true,\"valueName\":\"search_term_string\"}}],\"inLanguage\":\"cs\"}]}<\/script>\n<!-- \/ Yoast SEO plugin. -->","yoast_head_json":{"title":"Zahrani\u010dn\u00ed st\u00e1\u017ee a pobyty - Katedra archeologie","robots":{"index":"index","follow":"follow","max-snippet":"max-snippet:-1","max-image-preview":"max-image-preview:large","max-video-preview":"max-video-preview:-1"},"canonical":"https:\/\/uni.uhk.cz\/archeologie\/?page_id=20634","og_locale":"cs_CZ","og_type":"article","og_title":"Zahrani\u010dn\u00ed st\u00e1\u017ee a pobyty - Katedra archeologie","og_description":"&nbsp; Nab\u00eddka zahrani\u010dn\u00edch st\u00e1\u017e\u00ed a pobyt\u016f pro letn\u00ed semestr 2019 ERASMUS st\u00e1\u017ee St\u00e1\u017e ve Slovinsku St\u00e1\u017e bude prob\u00edhat v\u00a0r\u00e1mci archeologick\u00e9 spole\u010dnosti skupina STIK. St\u00e1\u017e je mo\u017en\u00e9 realizovat\u00a0od \u010dervna do srpna 2019. V\u00a0r\u00e1mci tohoto intervalu je mo\u017en\u00e9 si libovoln\u011b vybrat, av\u0161ak st\u00e1\u017e mus\u00ed b\u00fdt minim\u00e1ln\u011b v\u00a0rozsahu 61 kalend\u00e1\u0159n\u00edch dn\u00ed. Aktivity, kter\u00fdch se budete moci z\u00fa\u010dastnit v [&hellip;]","og_url":"https:\/\/uni.uhk.cz\/archeologie\/?page_id=20634","og_site_name":"Katedra archeologie","article_modified_time":"2019-02-18T12:47:01+00:00","og_image":[{"url":"https:\/\/uni.uhk.cz\/archeologie\/wp-content\/uploads\/2019\/02\/navis.jpg","type":"","width":"","height":""}],"twitter_card":"summary_large_image","twitter_misc":{"Odhadovan\u00e1 doba \u010dten\u00ed":"2 minuty"},"schema":{"@context":"https:\/\/schema.org","@graph":[{"@type":"WebPage","@id":"https:\/\/uni.uhk.cz\/archeologie\/?page_id=20634","url":"https:\/\/uni.uhk.cz\/archeologie\/?page_id=20634","name":"Zahrani\u010dn\u00ed st\u00e1\u017ee a pobyty - Katedra archeologie","isPartOf":{"@id":"https:\/\/uni.uhk.cz\/archeologie\/#website"},"primaryImageOfPage":{"@id":"https:\/\/uni.uhk.cz\/archeologie\/?page_id=20634#primaryimage"},"image":{"@id":"https:\/\/uni.uhk.cz\/archeologie\/?page_id=20634#primaryimage"},"thumbnailUrl":"https:\/\/uni.uhk.cz\/archeologie\/wp-content\/uploads\/2019\/02\/navis.jpg","datePublished":"2019-02-08T13:03:24+00:00","dateModified":"2019-02-18T12:47:01+00:00","breadcrumb":{"@id":"https:\/\/uni.uhk.cz\/archeologie\/?page_id=20634#breadcrumb"},"inLanguage":"cs","potentialAction":[{"@type":"ReadAction","target":["https:\/\/uni.uhk.cz\/archeologie\/?page_id=20634"]}]},{"@type":"ImageObject","inLanguage":"cs","@id":"https:\/\/uni.uhk.cz\/archeologie\/?page_id=20634#primaryimage","url":"https:\/\/uni.uhk.cz\/archeologie\/wp-content\/uploads\/2019\/02\/navis.jpg","contentUrl":"https:\/\/uni.uhk.cz\/archeologie\/wp-content\/uploads\/2019\/02\/navis.jpg","width":1920,"height":1281},{"@type":"BreadcrumbList","@id":"https:\/\/uni.uhk.cz\/archeologie\/?page_id=20634#breadcrumb","itemListElement":[{"@type":"ListItem","position":1,"name":"Dom\u016f","item":"https:\/\/uni.uhk.cz\/archeologie\/"},{"@type":"ListItem","position":2,"name":"Zahrani\u010dn\u00ed st\u00e1\u017ee a pobyty"}]},{"@type":"WebSite","@id":"https:\/\/uni.uhk.cz\/archeologie\/#website","url":"https:\/\/uni.uhk.cz\/archeologie\/","name":"Katedra archeologie FF UHK","description":"","potentialAction":[{"@type":"SearchAction","target":{"@type":"EntryPoint","urlTemplate":"https:\/\/uni.uhk.cz\/archeologie\/?s={search_term_string}"},"query-input":{"@type":"PropertyValueSpecification","valueRequired":true,"valueName":"search_term_string"}}],"inLanguage":"cs"}]}},"jetpack_sharing_enabled":true,"_links":{"self":[{"href":"https:\/\/uni.uhk.cz\/archeologie\/index.php?rest_route=\/wp\/v2\/pages\/20634","targetHints":{"allow":["GET"]}}],"collection":[{"href":"https:\/\/uni.uhk.cz\/archeologie\/index.php?rest_route=\/wp\/v2\/pages"}],"about":[{"href":"https:\/\/uni.uhk.cz\/archeologie\/index.php?rest_route=\/wp\/v2\/types\/page"}],"author":[{"embeddable":true,"href":"https:\/\/uni.uhk.cz\/archeologie\/index.php?rest_route=\/wp\/v2\/users\/3"}],"replies":[{"embeddable":true,"href":"https:\/\/uni.uhk.cz\/archeologie\/index.php?rest_route=%2Fwp%2Fv2%2Fcomments&post=20634"}],"version-history":[{"count":5,"href":"https:\/\/uni.uhk.cz\/archeologie\/index.php?rest_route=\/wp\/v2\/pages\/20634\/revisions"}],"predecessor-version":[{"id":20655,"href":"https:\/\/uni.uhk.cz\/archeologie\/index.php?rest_route=\/wp\/v2\/pages\/20634\/revisions\/20655"}],"wp:attachment":[{"href":"https:\/\/uni.uhk.cz\/archeologie\/index.php?rest_route=%2Fwp%2Fv2%2Fmedia&parent=20634"}],"curies":[{"name":"wp","href":"https:\/\/api.w.org\/{rel}","templated":true}]}}